{"id":115,"date":"2021-12-28T16:50:21","date_gmt":"2021-12-28T16:50:21","guid":{"rendered":"https:\/\/www.iscap.pt\/aeca\/?page_id=115"},"modified":"2022-09-06T16:12:11","modified_gmt":"2022-09-06T16:12:11","slug":"inicio-aeca-xx","status":"publish","type":"page","link":"https:\/\/www.iscap.pt\/aeca\/","title":{"rendered":"Inic\u00edo"},"content":{"rendered":"\t\t<div data-elementor-type=\"wp-page\" data-elementor-id=\"115\" class=\"elementor elementor-115\">\n\t\t\t\t\t\t<section class=\"elementor-section elementor-top-section elementor-element elementor-element-4522cf5 elementor-section-boxed elementor-section-height-default elementor-section-height-default\" data-id=\"4522cf5\" data-element_type=\"section\" data-e-type=\"section\">\n\t\t\t\t\t\t<div class=\"elementor-container elementor-column-gap-default\">\n\t\t\t\t\t<div class=\"elementor-column elementor-col-100 elementor-top-column elementor-element elementor-element-68fbfb3\" data-id=\"68fbfb3\" data-element_type=\"column\" data-e-type=\"column\">\n\t\t\t<div class=\"elementor-widget-wrap elementor-element-populated\">\n\t\t\t\t\t\t<div class=\"elementor-element elementor-element-4071f39 elementor-widget elementor-widget-heading\" data-id=\"4071f39\" data-element_type=\"widget\" data-e-type=\"widget\" data-widget_type=\"heading.default\">\n\t\t\t\t<div class=\"elementor-widget-container\">\n\t\t\t\t\t<h2 class=\"elementor-heading-title elementor-size-default\">Mensagem do Comit\u00e9 Organizador<\/h2>\t\t\t\t<\/div>\n\t\t\t\t<\/div>\n\t\t\t\t<div class=\"elementor-element elementor-element-81e3d5d elementor-widget elementor-widget-text-editor\" data-id=\"81e3d5d\" data-element_type=\"widget\" data-e-type=\"widget\" data-widget_type=\"text-editor.default\">\n\t\t\t\t<div class=\"elementor-widget-container\">\n\t\t\t\t\t\t\t\t\t<p style=\"text-align: center;\"><span style=\"color: #000000;\">O <strong>XX Encuentro Internacional AECA<\/strong> subordinado ao tema \u201c<em>Industry 5.0: Rethinking Paradigm<\/em>\u201d, organizado pelo Instituto Superior de Contabilidade e Administra\u00e7\u00e3o do Porto (ISCAP), do Instituto Polit\u00e9cnico do Porto e a <em>Associaci\u00f3n Espa\u00f1ola de Contabilidad y Administraci\u00f3n<\/em> de Empresas (AECA) realizar-se-\u00e1 nos pr\u00f3ximos dias 22 e 23 de setembro, no Porto.<\/span><\/p><p style=\"text-align: center;\"><span style=\"color: #000000;\">O evento d\u00e1 continuidade \u00e0 tradi\u00e7\u00e3o, que remonta a 1984, de promover o interc\u00e2mbio acad\u00e9mico e cient\u00edfico entre as institui\u00e7\u00f5es de ensino superior portuguesas e espanholas e a AECA, atrav\u00e9s de um debate livre e informado sobre os desafios que as organiza\u00e7\u00f5es enfrentam na \u00e1rea da Contabilidade e da Gest\u00e3o.<\/span><\/p><p style=\"text-align: center;\"><span style=\"color: #000000;\">\u00c0 semelhan\u00e7a das edi\u00e7\u00f5es anteriores pretendemos que a presente edi\u00e7\u00e3o constitua uma excelente oportunidade de partilha dos vossos trabalhos de investiga\u00e7\u00e3o e de networking cient\u00edfico. O XX Encuentro Internacional AECA decorrer\u00e1 em regime h\u00edbrido (presencial e virtual) e contar\u00e1 com um conjunto de sess\u00f5es diferenciadas: mesas redondas, research workshops e sess\u00f5es paralelas.<\/span><\/p><p style=\"text-align: center;\"><span style=\"color: #000000;\">Para obter informa\u00e7\u00e3o adicional acerca do evento, pode consultar este site, o site da AECA, ou entrar em contacto com a organiza\u00e7\u00e3o, atrav\u00e9s do email <a href=\"mailto:aeca2022@iscap.ipp.pt\">aeca2022@iscap.ipp.pt<\/a>\u00a0 ou do email <a href=\"mailto:encuentro@aeca.es\">encuentro@aeca.es<\/a>.<\/span><\/p><p style=\"text-align: center;\"><span style=\"color: #000000;\">Contamos com a vossa presen\u00e7a no <strong>ISCAP<\/strong>, nos pr\u00f3ximos dias 22 e 23 de setembro.<\/span><\/p>\t\t\t\t\t\t\t\t<\/div>\n\t\t\t\t<\/div>\n\t\t\t\t\t<\/div>\n\t\t<\/div>\n\t\t\t\t\t<\/div>\n\t\t<\/section>\n\t\t\t\t<section class=\"elementor-section elementor-top-section elementor-element elementor-element-ffad90b elementor-section-boxed elementor-section-height-default elementor-section-height-default\" data-id=\"ffad90b\" data-element_type=\"section\" data-e-type=\"section\">\n\t\t\t\t\t\t<div class=\"elementor-container elementor-column-gap-default\">\n\t\t\t\t\t<div class=\"elementor-column elementor-col-100 elementor-top-column elementor-element elementor-element-aee2a20\" data-id=\"aee2a20\" data-element_type=\"column\" data-e-type=\"column\">\n\t\t\t<div class=\"elementor-widget-wrap elementor-element-populated\">\n\t\t\t\t\t\t<div class=\"elementor-element elementor-element-5d4eb60 elementor-widget elementor-widget-text-editor\" data-id=\"5d4eb60\" data-element_type=\"widget\" data-e-type=\"widget\" data-widget_type=\"text-editor.default\">\n\t\t\t\t<div class=\"elementor-widget-container\">\n\t\t\t\t\t\t\t\t\t<h3 style=\"text-align: center;\">Tenha o programa sempre por perto no seu dispositivo m\u00f3vel. Dispon\u00edvel na IOS APP Store e Google Play Store.<\/h3>\t\t\t\t\t\t\t\t<\/div>\n\t\t\t\t<\/div>\n\t\t\t\t\t<\/div>\n\t\t<\/div>\n\t\t\t\t\t<\/div>\n\t\t<\/section>\n\t\t\t\t<section class=\"elementor-section elementor-top-section elementor-element elementor-element-e7cb03c elementor-section-boxed elementor-section-height-default elementor-section-height-default\" data-id=\"e7cb03c\" data-element_type=\"section\" data-e-type=\"section\">\n\t\t\t\t\t\t<div class=\"elementor-container elementor-column-gap-default\">\n\t\t\t\t\t<div class=\"elementor-column elementor-col-100 elementor-top-column elementor-element elementor-element-cd78009\" data-id=\"cd78009\" data-element_type=\"column\" data-e-type=\"column\">\n\t\t\t<div class=\"elementor-widget-wrap elementor-element-populated\">\n\t\t\t\t\t\t<div class=\"elementor-element elementor-element-f0bc9b3 elementor-widget elementor-widget-image\" data-id=\"f0bc9b3\" data-element_type=\"widget\" data-e-type=\"widget\" data-widget_type=\"image.default\">\n\t\t\t\t<div class=\"elementor-widget-container\">\n\t\t\t\t\t\t\t\t\t\t\t\t\t\t\t<img fetchpriority=\"high\" decoding=\"async\" width=\"640\" height=\"640\" src=\"https:\/\/www.iscap.pt\/aeca\/wp-content\/uploads\/2022\/09\/qr.jpg\" class=\"attachment-large size-large wp-image-1008\" alt=\"QRCode APP AECA XX\" srcset=\"https:\/\/www.iscap.pt\/aeca\/wp-content\/uploads\/2022\/09\/qr.jpg 740w, https:\/\/www.iscap.pt\/aeca\/wp-content\/uploads\/2022\/09\/qr-300x300.jpg 300w, https:\/\/www.iscap.pt\/aeca\/wp-content\/uploads\/2022\/09\/qr-150x150.jpg 150w\" sizes=\"(max-width: 640px) 100vw, 640px\" \/>\t\t\t\t\t\t\t\t\t\t\t\t\t\t\t<\/div>\n\t\t\t\t<\/div>\n\t\t\t\t\t<\/div>\n\t\t<\/div>\n\t\t\t\t\t<\/div>\n\t\t<\/section>\n\t\t\t\t<\/div>\n\t\t","protected":false},"excerpt":{"rendered":"<p>Mensagem do Comit\u00e9 Organizador O XX Encuentro Internacional AECA subordinado ao tema \u201cIndustry 5.0: Rethinking Paradigm\u201d, organizado pelo Instituto Superior de Contabilidade e Administra\u00e7\u00e3o do Porto (ISCAP), do Instituto Polit\u00e9cnico do Porto e a Associaci\u00f3n Espa\u00f1ola de Contabilidad y Administraci\u00f3n de Empresas (AECA) realizar-se-\u00e1 nos pr\u00f3ximos dias 22 e 23 de setembro, no Porto. O [&hellip;]<\/p>\n","protected":false},"author":1,"featured_media":0,"parent":0,"menu_order":0,"comment_status":"closed","ping_status":"closed","template":"","meta":{"footnotes":""},"class_list":["post-115","page","type-page","status-publish","hentry"],"yoast_head":"<!-- This site is optimized with the Yoast SEO plugin v27.4 - https:\/\/yoast.com\/product\/yoast-seo-wordpress\/ -->\n<title>Inic\u00edo - XX Encontro Internacional AECA<\/title>\n<meta name=\"description\" content=\"XX Encontro Internacional AECA Evento acad\u00e9mico e cient\u00edfico com o intuito de divulgar a Contabilidade e Gest\u00e3o na \u00e1rea da Investiga\u00e7\u00e3o.\" \/>\n<meta name=\"robots\" content=\"index, follow, max-snippet:-1, max-image-preview:large, max-video-preview:-1\" \/>\n<link rel=\"canonical\" href=\"https:\/\/www.iscap.pt\/aeca\/\" \/>\n<meta property=\"og:locale\" content=\"pt_PT\" \/>\n<meta property=\"og:type\" content=\"article\" \/>\n<meta property=\"og:title\" content=\"Inic\u00edo - XX Encontro Internacional AECA\" \/>\n<meta property=\"og:description\" content=\"XX Encontro Internacional AECA Evento acad\u00e9mico e cient\u00edfico com o intuito de divulgar a Contabilidade e Gest\u00e3o na \u00e1rea da Investiga\u00e7\u00e3o.\" \/>\n<meta property=\"og:url\" content=\"https:\/\/www.iscap.pt\/aeca\/\" \/>\n<meta property=\"og:site_name\" content=\"XX Encontro Internacional AECA\" \/>\n<meta property=\"article:modified_time\" content=\"2022-09-06T16:12:11+00:00\" \/>\n<meta property=\"og:image\" content=\"https:\/\/www.iscap.pt\/aeca\/wp-content\/uploads\/2022\/09\/qr.jpg\" \/>\n<meta name=\"twitter:card\" content=\"summary_large_image\" \/>\n<meta name=\"twitter:label1\" content=\"Tempo estimado de leitura\" \/>\n\t<meta name=\"twitter:data1\" content=\"2 minutos\" \/>\n<script type=\"application\/ld+json\" class=\"yoast-schema-graph\">{\"@context\":\"https:\\\/\\\/schema.org\",\"@graph\":[{\"@type\":\"WebPage\",\"@id\":\"https:\\\/\\\/www.iscap.pt\\\/aeca\\\/\",\"url\":\"https:\\\/\\\/www.iscap.pt\\\/aeca\\\/\",\"name\":\"Inic\u00edo - XX Encontro Internacional AECA\",\"isPartOf\":{\"@id\":\"https:\\\/\\\/www.iscap.pt\\\/aeca\\\/#website\"},\"primaryImageOfPage\":{\"@id\":\"https:\\\/\\\/www.iscap.pt\\\/aeca\\\/#primaryimage\"},\"image\":{\"@id\":\"https:\\\/\\\/www.iscap.pt\\\/aeca\\\/#primaryimage\"},\"thumbnailUrl\":\"https:\\\/\\\/www.iscap.pt\\\/aeca\\\/wp-content\\\/uploads\\\/2022\\\/09\\\/qr.jpg\",\"datePublished\":\"2021-12-28T16:50:21+00:00\",\"dateModified\":\"2022-09-06T16:12:11+00:00\",\"description\":\"XX Encontro Internacional AECA Evento acad\u00e9mico e cient\u00edfico com o intuito de divulgar a Contabilidade e Gest\u00e3o na \u00e1rea da Investiga\u00e7\u00e3o.\",\"breadcrumb\":{\"@id\":\"https:\\\/\\\/www.iscap.pt\\\/aeca\\\/#breadcrumb\"},\"inLanguage\":\"pt-PT\",\"potentialAction\":[{\"@type\":\"ReadAction\",\"target\":[\"https:\\\/\\\/www.iscap.pt\\\/aeca\\\/\"]}]},{\"@type\":\"ImageObject\",\"inLanguage\":\"pt-PT\",\"@id\":\"https:\\\/\\\/www.iscap.pt\\\/aeca\\\/#primaryimage\",\"url\":\"https:\\\/\\\/www.iscap.pt\\\/aeca\\\/wp-content\\\/uploads\\\/2022\\\/09\\\/qr.jpg\",\"contentUrl\":\"https:\\\/\\\/www.iscap.pt\\\/aeca\\\/wp-content\\\/uploads\\\/2022\\\/09\\\/qr.jpg\",\"width\":740,\"height\":740,\"caption\":\"QRCode para a APP do XX Encontro Internacional AECA\"},{\"@type\":\"BreadcrumbList\",\"@id\":\"https:\\\/\\\/www.iscap.pt\\\/aeca\\\/#breadcrumb\",\"itemListElement\":[{\"@type\":\"ListItem\",\"position\":1,\"name\":\"In\u00edcio\",\"item\":\"https:\\\/\\\/www.iscap.pt\\\/aeca\\\/\"},{\"@type\":\"ListItem\",\"position\":2,\"name\":\"Inic\u00edo\"}]},{\"@type\":\"WebSite\",\"@id\":\"https:\\\/\\\/www.iscap.pt\\\/aeca\\\/#website\",\"url\":\"https:\\\/\\\/www.iscap.pt\\\/aeca\\\/\",\"name\":\"XX Encontro Internacional AECA\",\"description\":\"XX Encontro Internacional AECA\",\"publisher\":{\"@id\":\"https:\\\/\\\/www.iscap.pt\\\/aeca\\\/#organization\"},\"potentialAction\":[{\"@type\":\"SearchAction\",\"target\":{\"@type\":\"EntryPoint\",\"urlTemplate\":\"https:\\\/\\\/www.iscap.pt\\\/aeca\\\/?s={search_term_string}\"},\"query-input\":{\"@type\":\"PropertyValueSpecification\",\"valueRequired\":true,\"valueName\":\"search_term_string\"}}],\"inLanguage\":\"pt-PT\"},{\"@type\":\"Organization\",\"@id\":\"https:\\\/\\\/www.iscap.pt\\\/aeca\\\/#organization\",\"name\":\"Asociaci\u00f3n Espa\u00f1ola de Contabilidad y Administraci\u00f3n de Empresas (AECA)\",\"url\":\"https:\\\/\\\/www.iscap.pt\\\/aeca\\\/\",\"logo\":{\"@type\":\"ImageObject\",\"inLanguage\":\"pt-PT\",\"@id\":\"https:\\\/\\\/www.iscap.pt\\\/aeca\\\/#\\\/schema\\\/logo\\\/image\\\/\",\"url\":\"\",\"contentUrl\":\"\",\"caption\":\"Asociaci\u00f3n Espa\u00f1ola de Contabilidad y Administraci\u00f3n de Empresas (AECA)\"},\"image\":{\"@id\":\"https:\\\/\\\/www.iscap.pt\\\/aeca\\\/#\\\/schema\\\/logo\\\/image\\\/\"}}]}<\/script>\n<!-- \/ Yoast SEO plugin. -->","yoast_head_json":{"title":"Inic\u00edo - XX Encontro Internacional AECA","description":"XX Encontro Internacional AECA Evento acad\u00e9mico e cient\u00edfico com o intuito de divulgar a Contabilidade e Gest\u00e3o na \u00e1rea da Investiga\u00e7\u00e3o.","robots":{"index":"index","follow":"follow","max-snippet":"max-snippet:-1","max-image-preview":"max-image-preview:large","max-video-preview":"max-video-preview:-1"},"canonical":"https:\/\/www.iscap.pt\/aeca\/","og_locale":"pt_PT","og_type":"article","og_title":"Inic\u00edo - XX Encontro Internacional AECA","og_description":"XX Encontro Internacional AECA Evento acad\u00e9mico e cient\u00edfico com o intuito de divulgar a Contabilidade e Gest\u00e3o na \u00e1rea da Investiga\u00e7\u00e3o.","og_url":"https:\/\/www.iscap.pt\/aeca\/","og_site_name":"XX Encontro Internacional AECA","article_modified_time":"2022-09-06T16:12:11+00:00","og_image":[{"url":"https:\/\/www.iscap.pt\/aeca\/wp-content\/uploads\/2022\/09\/qr.jpg","type":"","width":"","height":""}],"twitter_card":"summary_large_image","twitter_misc":{"Tempo estimado de leitura":"2 minutos"},"schema":{"@context":"https:\/\/schema.org","@graph":[{"@type":"WebPage","@id":"https:\/\/www.iscap.pt\/aeca\/","url":"https:\/\/www.iscap.pt\/aeca\/","name":"Inic\u00edo - XX Encontro Internacional AECA","isPartOf":{"@id":"https:\/\/www.iscap.pt\/aeca\/#website"},"primaryImageOfPage":{"@id":"https:\/\/www.iscap.pt\/aeca\/#primaryimage"},"image":{"@id":"https:\/\/www.iscap.pt\/aeca\/#primaryimage"},"thumbnailUrl":"https:\/\/www.iscap.pt\/aeca\/wp-content\/uploads\/2022\/09\/qr.jpg","datePublished":"2021-12-28T16:50:21+00:00","dateModified":"2022-09-06T16:12:11+00:00","description":"XX Encontro Internacional AECA Evento acad\u00e9mico e cient\u00edfico com o intuito de divulgar a Contabilidade e Gest\u00e3o na \u00e1rea da Investiga\u00e7\u00e3o.","breadcrumb":{"@id":"https:\/\/www.iscap.pt\/aeca\/#breadcrumb"},"inLanguage":"pt-PT","potentialAction":[{"@type":"ReadAction","target":["https:\/\/www.iscap.pt\/aeca\/"]}]},{"@type":"ImageObject","inLanguage":"pt-PT","@id":"https:\/\/www.iscap.pt\/aeca\/#primaryimage","url":"https:\/\/www.iscap.pt\/aeca\/wp-content\/uploads\/2022\/09\/qr.jpg","contentUrl":"https:\/\/www.iscap.pt\/aeca\/wp-content\/uploads\/2022\/09\/qr.jpg","width":740,"height":740,"caption":"QRCode para a APP do XX Encontro Internacional AECA"},{"@type":"BreadcrumbList","@id":"https:\/\/www.iscap.pt\/aeca\/#breadcrumb","itemListElement":[{"@type":"ListItem","position":1,"name":"In\u00edcio","item":"https:\/\/www.iscap.pt\/aeca\/"},{"@type":"ListItem","position":2,"name":"Inic\u00edo"}]},{"@type":"WebSite","@id":"https:\/\/www.iscap.pt\/aeca\/#website","url":"https:\/\/www.iscap.pt\/aeca\/","name":"XX Encontro Internacional AECA","description":"XX Encontro Internacional AECA","publisher":{"@id":"https:\/\/www.iscap.pt\/aeca\/#organization"},"potentialAction":[{"@type":"SearchAction","target":{"@type":"EntryPoint","urlTemplate":"https:\/\/www.iscap.pt\/aeca\/?s={search_term_string}"},"query-input":{"@type":"PropertyValueSpecification","valueRequired":true,"valueName":"search_term_string"}}],"inLanguage":"pt-PT"},{"@type":"Organization","@id":"https:\/\/www.iscap.pt\/aeca\/#organization","name":"Asociaci\u00f3n Espa\u00f1ola de Contabilidad y Administraci\u00f3n de Empresas (AECA)","url":"https:\/\/www.iscap.pt\/aeca\/","logo":{"@type":"ImageObject","inLanguage":"pt-PT","@id":"https:\/\/www.iscap.pt\/aeca\/#\/schema\/logo\/image\/","url":"","contentUrl":"","caption":"Asociaci\u00f3n Espa\u00f1ola de Contabilidad y Administraci\u00f3n de Empresas (AECA)"},"image":{"@id":"https:\/\/www.iscap.pt\/aeca\/#\/schema\/logo\/image\/"}}]}},"_links":{"self":[{"href":"https:\/\/www.iscap.pt\/aeca\/wp-json\/wp\/v2\/pages\/115","targetHints":{"allow":["GET"]}}],"collection":[{"href":"https:\/\/www.iscap.pt\/aeca\/wp-json\/wp\/v2\/pages"}],"about":[{"href":"https:\/\/www.iscap.pt\/aeca\/wp-json\/wp\/v2\/types\/page"}],"author":[{"embeddable":true,"href":"https:\/\/www.iscap.pt\/aeca\/wp-json\/wp\/v2\/users\/1"}],"replies":[{"embeddable":true,"href":"https:\/\/www.iscap.pt\/aeca\/wp-json\/wp\/v2\/comments?post=115"}],"version-history":[{"count":97,"href":"https:\/\/www.iscap.pt\/aeca\/wp-json\/wp\/v2\/pages\/115\/revisions"}],"predecessor-version":[{"id":1024,"href":"https:\/\/www.iscap.pt\/aeca\/wp-json\/wp\/v2\/pages\/115\/revisions\/1024"}],"wp:attachment":[{"href":"https:\/\/www.iscap.pt\/aeca\/wp-json\/wp\/v2\/media?parent=115"}],"curies":[{"name":"wp","href":"https:\/\/api.w.org\/{rel}","templated":true}]}}