{"id":158,"date":"2021-12-28T17:04:12","date_gmt":"2021-12-28T17:04:12","guid":{"rendered":"https:\/\/www.iscap.pt\/aeca\/?page_id=158"},"modified":"2022-05-02T15:19:46","modified_gmt":"2022-05-02T15:19:46","slug":"publicacoes","status":"publish","type":"page","link":"https:\/\/www.iscap.pt\/aeca\/publicacoes\/","title":{"rendered":"Publica\u00e7\u00f5es"},"content":{"rendered":"\t\t<div data-elementor-type=\"wp-page\" data-elementor-id=\"158\" class=\"elementor elementor-158\">\n\t\t\t\t\t\t<section class=\"elementor-section elementor-top-section elementor-element elementor-element-5ecbbb5 elementor-section-boxed elementor-section-height-default elementor-section-height-default\" data-id=\"5ecbbb5\" data-element_type=\"section\" data-e-type=\"section\">\n\t\t\t\t\t\t<div class=\"elementor-container elementor-column-gap-default\">\n\t\t\t\t\t<div class=\"elementor-column elementor-col-33 elementor-top-column elementor-element elementor-element-57b749d\" data-id=\"57b749d\" data-element_type=\"column\" data-e-type=\"column\">\n\t\t\t<div class=\"elementor-widget-wrap elementor-element-populated\">\n\t\t\t\t\t\t<div class=\"elementor-element elementor-element-ffc5a83 elementor-widget elementor-widget-text-editor\" data-id=\"ffc5a83\" data-element_type=\"widget\" data-e-type=\"widget\" data-widget_type=\"text-editor.default\">\n\t\t\t\t<div class=\"elementor-widget-container\">\n\t\t\t\t\t\t\t\t\t<h3><span style=\"color: #0d2e56;\">Caracter\u00edsticas<\/span><\/h3><p style=\"text-align: justify;\"><span style=\"color: #0d2e56;\">\u2022<\/span> <span style=\"color: #000000;\">Tipo de sessa\u0303o e durac\u0327a\u0303o: Sessa\u0303o paralela 90 minutos<\/span><\/p><p style=\"text-align: justify;\"><span style=\"color: #0d2e56;\">\u2022<\/span> <span style=\"color: #000000;\">Nu\u0301mero de trabalhos a apresentar: 3 Comunicac\u0327o\u0303es.<\/span><\/p><p style=\"text-align: justify;\"><span style=\"color: #0d2e56;\">\u2022<\/span> <span style=\"color: #000000;\">Tempo de exposic\u0327a\u0303o para\u00a0cada trabalho: Autores, 15 minutos. Discussant, 10 minutos.\u00a0Debate aberto, 5 minutos.<\/span><\/p><p style=\"text-align: justify;\"><span style=\"color: #0d2e56;\">\u2022<\/span><span>\u00a0<\/span><span style=\"color: #000000;\">Tema: Monogra\u0301fico determinado pelo Encontro da AECA.<\/span><\/p>\t\t\t\t\t\t\t\t<\/div>\n\t\t\t\t<\/div>\n\t\t\t\t\t<\/div>\n\t\t<\/div>\n\t\t\t\t<div class=\"elementor-column elementor-col-33 elementor-top-column elementor-element elementor-element-c746736\" data-id=\"c746736\" data-element_type=\"column\" data-e-type=\"column\">\n\t\t\t<div class=\"elementor-widget-wrap elementor-element-populated\">\n\t\t\t\t\t\t<div class=\"elementor-element elementor-element-e14c563 elementor-widget elementor-widget-image\" data-id=\"e14c563\" data-element_type=\"widget\" data-e-type=\"widget\" data-widget_type=\"image.default\">\n\t\t\t\t<div class=\"elementor-widget-container\">\n\t\t\t\t\t\t\t\t\t\t\t\t\t\t\t<img fetchpriority=\"high\" decoding=\"async\" width=\"640\" height=\"640\" src=\"https:\/\/www.iscap.pt\/aeca\/wp-content\/uploads\/2022\/03\/Research-Workshops--1024x1024.png\" class=\"attachment-large size-large wp-image-755\" alt=\"Publica\u00e7\u00f5es AECA XX\" srcset=\"https:\/\/www.iscap.pt\/aeca\/wp-content\/uploads\/2022\/03\/Research-Workshops--1024x1024.png 1024w, https:\/\/www.iscap.pt\/aeca\/wp-content\/uploads\/2022\/03\/Research-Workshops--300x300.png 300w, https:\/\/www.iscap.pt\/aeca\/wp-content\/uploads\/2022\/03\/Research-Workshops--150x150.png 150w, https:\/\/www.iscap.pt\/aeca\/wp-content\/uploads\/2022\/03\/Research-Workshops--768x768.png 768w, https:\/\/www.iscap.pt\/aeca\/wp-content\/uploads\/2022\/03\/Research-Workshops-.png 1080w\" sizes=\"(max-width: 640px) 100vw, 640px\" \/>\t\t\t\t\t\t\t\t\t\t\t\t\t\t\t<\/div>\n\t\t\t\t<\/div>\n\t\t\t\t\t<\/div>\n\t\t<\/div>\n\t\t\t\t<div class=\"elementor-column elementor-col-33 elementor-top-column elementor-element elementor-element-6036f4d\" data-id=\"6036f4d\" data-element_type=\"column\" data-e-type=\"column\">\n\t\t\t<div class=\"elementor-widget-wrap elementor-element-populated\">\n\t\t\t\t\t\t<div class=\"elementor-element elementor-element-3aa7bb0 elementor-widget elementor-widget-text-editor\" data-id=\"3aa7bb0\" data-element_type=\"widget\" data-e-type=\"widget\" data-widget_type=\"text-editor.default\">\n\t\t\t\t<div class=\"elementor-widget-container\">\n\t\t\t\t\t\t\t\t\t<h3 style=\"text-align: left;\"><span style=\"color: #0d2e56;\">Certificados e Publica\u00e7\u00e3o em Revistas AECA<\/span>\u00a0<\/h3><div class=\"page\" title=\"Page 4\"><div class=\"layoutArea\"><div class=\"column\"><p style=\"text-align: justify;\"><span style=\"color: #000000;\">Os autores com trabalhos apresentados nos Workshops recebera\u0303o um Certificado Diferencial de Qualidade Cienti\u0301fica (CDCC), a ter\u00a0lugar no decurso do Encontro.<\/span><\/p><p style=\"text-align: justify;\"><span style=\"color: #000000;\">Os trabalhos apresentados em Workshops sera\u0303o considerados para a sua avaliac\u0327a\u0303o e possi\u0301vel publicac\u0327a\u0303o no Spanish Journal of Finance and Accounting (SSCI e SCOPUS), assim como em outras revistas AECA.<\/span><\/p><\/div><\/div><\/div>\t\t\t\t\t\t\t\t<\/div>\n\t\t\t\t<\/div>\n\t\t\t\t\t<\/div>\n\t\t<\/div>\n\t\t\t\t\t<\/div>\n\t\t<\/section>\n\t\t\t\t<section class=\"elementor-section elementor-top-section elementor-element elementor-element-2ec0a7e elementor-section-boxed elementor-section-height-default elementor-section-height-default\" data-id=\"2ec0a7e\" data-element_type=\"section\" data-e-type=\"section\">\n\t\t\t\t\t\t<div class=\"elementor-container elementor-column-gap-default\">\n\t\t\t\t\t<div class=\"elementor-column elementor-col-100 elementor-top-column elementor-element elementor-element-bfe5fab\" data-id=\"bfe5fab\" data-element_type=\"column\" data-e-type=\"column\">\n\t\t\t<div class=\"elementor-widget-wrap elementor-element-populated\">\n\t\t\t\t\t\t<div class=\"elementor-element elementor-element-8c572e2 elementor-widget elementor-widget-text-editor\" data-id=\"8c572e2\" data-element_type=\"widget\" data-e-type=\"widget\" data-widget_type=\"text-editor.default\">\n\t\t\t\t<div class=\"elementor-widget-container\">\n\t\t\t\t\t\t\t\t\t<h2 style=\"text-align: center;\">Publica\u00e7\u00e3o do Programa, Comunica\u00e7\u00f5es e Posters<\/h2>\t\t\t\t\t\t\t\t<\/div>\n\t\t\t\t<\/div>\n\t\t\t\t\t<\/div>\n\t\t<\/div>\n\t\t\t\t\t<\/div>\n\t\t<\/section>\n\t\t\t\t<section class=\"elementor-section elementor-top-section elementor-element elementor-element-a0e761c elementor-section-boxed elementor-section-height-default elementor-section-height-default\" data-id=\"a0e761c\" data-element_type=\"section\" data-e-type=\"section\">\n\t\t\t\t\t\t<div class=\"elementor-container elementor-column-gap-default\">\n\t\t\t\t\t<div class=\"elementor-column elementor-col-50 elementor-top-column elementor-element elementor-element-06ebd98\" data-id=\"06ebd98\" data-element_type=\"column\" data-e-type=\"column\">\n\t\t\t<div class=\"elementor-widget-wrap elementor-element-populated\">\n\t\t\t\t\t\t<div class=\"elementor-element elementor-element-e517205 elementor-widget elementor-widget-image\" data-id=\"e517205\" data-element_type=\"widget\" data-e-type=\"widget\" data-widget_type=\"image.default\">\n\t\t\t\t<div class=\"elementor-widget-container\">\n\t\t\t\t\t\t\t\t\t\t\t\t\t\t\t<img decoding=\"async\" width=\"519\" height=\"264\" src=\"https:\/\/www.iscap.pt\/aeca\/wp-content\/uploads\/2022\/01\/revistas.jpg\" class=\"attachment-medium_large size-medium_large wp-image-333\" alt=\"Edi\u00e7\u00f5es de Revistas AECA\" srcset=\"https:\/\/www.iscap.pt\/aeca\/wp-content\/uploads\/2022\/01\/revistas.jpg 519w, https:\/\/www.iscap.pt\/aeca\/wp-content\/uploads\/2022\/01\/revistas-300x153.jpg 300w\" sizes=\"(max-width: 519px) 100vw, 519px\" \/>\t\t\t\t\t\t\t\t\t\t\t\t\t\t\t<\/div>\n\t\t\t\t<\/div>\n\t\t\t\t\t<\/div>\n\t\t<\/div>\n\t\t\t\t<div class=\"elementor-column elementor-col-50 elementor-top-column elementor-element elementor-element-3b9f3a3\" data-id=\"3b9f3a3\" data-element_type=\"column\" data-e-type=\"column\">\n\t\t\t<div class=\"elementor-widget-wrap elementor-element-populated\">\n\t\t\t\t\t\t<div class=\"elementor-element elementor-element-aa2c02d elementor-widget elementor-widget-text-editor\" data-id=\"aa2c02d\" data-element_type=\"widget\" data-e-type=\"widget\" data-widget_type=\"text-editor.default\">\n\t\t\t\t<div class=\"elementor-widget-container\">\n\t\t\t\t\t\t\t\t\t<p style=\"text-align: justify;\"><span style=\"color: #000000;\">Da pa\u0301gina WEB do Encontro constara\u0301 a informac\u0327a\u0303o sobre o Programa das Sesso\u0303es Paralelas, do Open Fo\u0301rum, dos Workshops e dos Posters.<\/span><\/p><p style=\"text-align: justify;\"><span style=\"color: #000000;\">A inclusa\u0303o das comunicac\u0327o\u0303es aceites e dos posters nas publicac\u0327o\u0303es do Encontro e a respetiva apresentac\u0327a\u0303o nas sesso\u0303es paralelas esta\u0301 condicionada a\u0300 formalizac\u0327a\u0303o da correspondente inscric\u0327a\u0303o de pelo menos um dos autores antes de 20 de julho de 2022, na\u0303o podendo ser um mesmo autor o u\u0301nico inscrito em mais do que um trabalho. A partir da segunda inscric\u0327a\u0303o numa Comunicac\u0327a\u0303o os autores que sejam so\u0301cios da AECA beneficiam de um desconto adicional de 50 euros.<\/span><\/p>\t\t\t\t\t\t\t\t<\/div>\n\t\t\t\t<\/div>\n\t\t\t\t\t<\/div>\n\t\t<\/div>\n\t\t\t\t\t<\/div>\n\t\t<\/section>\n\t\t\t\t<section class=\"elementor-section elementor-top-section elementor-element elementor-element-16fab93 elementor-section-boxed elementor-section-height-default elementor-section-height-default\" data-id=\"16fab93\" data-element_type=\"section\" data-e-type=\"section\">\n\t\t\t\t\t\t<div class=\"elementor-container elementor-column-gap-default\">\n\t\t\t\t\t<div class=\"elementor-column elementor-col-100 elementor-top-column elementor-element elementor-element-69f2e58\" data-id=\"69f2e58\" data-element_type=\"column\" data-e-type=\"column\">\n\t\t\t<div class=\"elementor-widget-wrap elementor-element-populated\">\n\t\t\t\t\t\t<div class=\"elementor-element elementor-element-9bdb774 elementor-widget elementor-widget-text-editor\" data-id=\"9bdb774\" data-element_type=\"widget\" data-e-type=\"widget\" data-widget_type=\"text-editor.default\">\n\t\t\t\t<div class=\"elementor-widget-container\">\n\t\t\t\t\t\t\t\t\t<p><span style=\"color: #000000;\">Os autores de Comunicac\u0327o\u0303es e Posters beneficiam de um desconto especial no prec\u0327o da inscric\u0327a\u0303o. As publicac\u0327o\u0303es do Encontro sa\u0303o:<\/span><\/p><p><span style=\"color: #000000;\">1) Atas do Encontro, com os textos completos das comunicac\u0327o\u0303es aceites e dos posters (publicac\u0327a\u0303o digital com ISBN).<\/span><\/p><p><span style=\"color: #000000;\">2) Brochura do Encontro, com o programa e a calendarizac\u0327a\u0303o das sesso\u0303es paralelas do Encontro.<\/span><\/p><p><span style=\"color: #000000;\">3) Revista AECA (Edic\u0327a\u0303o especial do Encontro).<\/span><\/p><p><span style=\"color: #000000;\">As Comunicac\u0327o\u0303es aceites e apresentadas no Encontro podera\u0303o ser selecionadas para revisa\u0303o e posterior publicac\u0327a\u0303o em alguma das revistas da AECA.<\/span><\/p>\t\t\t\t\t\t\t\t<\/div>\n\t\t\t\t<\/div>\n\t\t\t\t\t<\/div>\n\t\t<\/div>\n\t\t\t\t\t<\/div>\n\t\t<\/section>\n\t\t\t\t<\/div>\n\t\t","protected":false},"excerpt":{"rendered":"<p>Caracter\u00edsticas \u2022 Tipo de sessa\u0303o e durac\u0327a\u0303o: Sessa\u0303o paralela 90 minutos \u2022 Nu\u0301mero de trabalhos a apresentar: 3 Comunicac\u0327o\u0303es. \u2022 Tempo de exposic\u0327a\u0303o para\u00a0cada trabalho: Autores, 15 minutos. Discussant, 10 minutos.\u00a0Debate aberto, 5 minutos. \u2022\u00a0Tema: Monogra\u0301fico determinado pelo Encontro da AECA. Certificados e Publica\u00e7\u00e3o em Revistas AECA\u00a0 Os autores com trabalhos apresentados nos Workshops recebera\u0303o [&hellip;]<\/p>\n","protected":false},"author":1,"featured_media":0,"parent":0,"menu_order":0,"comment_status":"closed","ping_status":"closed","template":"","meta":{"footnotes":""},"class_list":["post-158","page","type-page","status-publish","hentry"],"yoast_head":"<!-- This site is optimized with the Yoast SEO plugin v27.4 - https:\/\/yoast.com\/product\/yoast-seo-wordpress\/ -->\n<title>Publica\u00e7\u00f5es - XX Encontro Internacional AECA<\/title>\n<meta name=\"robots\" content=\"index, follow, max-snippet:-1, max-image-preview:large, max-video-preview:-1\" \/>\n<link rel=\"canonical\" href=\"https:\/\/www.iscap.pt\/aeca\/publicacoes\/\" \/>\n<meta property=\"og:locale\" content=\"pt_PT\" \/>\n<meta property=\"og:type\" content=\"article\" \/>\n<meta property=\"og:title\" content=\"Publica\u00e7\u00f5es - XX Encontro Internacional AECA\" \/>\n<meta property=\"og:description\" content=\"Caracter\u00edsticas \u2022 Tipo de sessa\u0303o e durac\u0327a\u0303o: Sessa\u0303o paralela 90 minutos \u2022 Nu\u0301mero de trabalhos a apresentar: 3 Comunicac\u0327o\u0303es. \u2022 Tempo de exposic\u0327a\u0303o para\u00a0cada trabalho: Autores, 15 minutos. Discussant, 10 minutos.\u00a0Debate aberto, 5 minutos. \u2022\u00a0Tema: Monogra\u0301fico determinado pelo Encontro da AECA. Certificados e Publica\u00e7\u00e3o em Revistas AECA\u00a0 Os autores com trabalhos apresentados nos Workshops recebera\u0303o [&hellip;]\" \/>\n<meta property=\"og:url\" content=\"https:\/\/www.iscap.pt\/aeca\/publicacoes\/\" \/>\n<meta property=\"og:site_name\" content=\"XX Encontro Internacional AECA\" \/>\n<meta property=\"article:modified_time\" content=\"2022-05-02T15:19:46+00:00\" \/>\n<meta property=\"og:image\" content=\"https:\/\/www.iscap.pt\/aeca\/wp-content\/uploads\/2022\/03\/Research-Workshops--1024x1024.png\" \/>\n<meta name=\"twitter:card\" content=\"summary_large_image\" \/>\n<meta name=\"twitter:label1\" content=\"Tempo estimado de leitura\" \/>\n\t<meta name=\"twitter:data1\" content=\"2 minutos\" \/>\n<script type=\"application\/ld+json\" class=\"yoast-schema-graph\">{\"@context\":\"https:\\\/\\\/schema.org\",\"@graph\":[{\"@type\":\"WebPage\",\"@id\":\"https:\\\/\\\/www.iscap.pt\\\/aeca\\\/publicacoes\\\/\",\"url\":\"https:\\\/\\\/www.iscap.pt\\\/aeca\\\/publicacoes\\\/\",\"name\":\"Publica\u00e7\u00f5es - XX Encontro Internacional AECA\",\"isPartOf\":{\"@id\":\"https:\\\/\\\/www.iscap.pt\\\/aeca\\\/#website\"},\"primaryImageOfPage\":{\"@id\":\"https:\\\/\\\/www.iscap.pt\\\/aeca\\\/publicacoes\\\/#primaryimage\"},\"image\":{\"@id\":\"https:\\\/\\\/www.iscap.pt\\\/aeca\\\/publicacoes\\\/#primaryimage\"},\"thumbnailUrl\":\"https:\\\/\\\/www.iscap.pt\\\/aeca\\\/wp-content\\\/uploads\\\/2022\\\/03\\\/Research-Workshops--1024x1024.png\",\"datePublished\":\"2021-12-28T17:04:12+00:00\",\"dateModified\":\"2022-05-02T15:19:46+00:00\",\"breadcrumb\":{\"@id\":\"https:\\\/\\\/www.iscap.pt\\\/aeca\\\/publicacoes\\\/#breadcrumb\"},\"inLanguage\":\"pt-PT\",\"potentialAction\":[{\"@type\":\"ReadAction\",\"target\":[\"https:\\\/\\\/www.iscap.pt\\\/aeca\\\/publicacoes\\\/\"]}]},{\"@type\":\"ImageObject\",\"inLanguage\":\"pt-PT\",\"@id\":\"https:\\\/\\\/www.iscap.pt\\\/aeca\\\/publicacoes\\\/#primaryimage\",\"url\":\"https:\\\/\\\/www.iscap.pt\\\/aeca\\\/wp-content\\\/uploads\\\/2022\\\/03\\\/Research-Workshops-.png\",\"contentUrl\":\"https:\\\/\\\/www.iscap.pt\\\/aeca\\\/wp-content\\\/uploads\\\/2022\\\/03\\\/Research-Workshops-.png\",\"width\":1080,\"height\":1080,\"caption\":\"Publica\u00e7\u00f5es AECA XX\"},{\"@type\":\"BreadcrumbList\",\"@id\":\"https:\\\/\\\/www.iscap.pt\\\/aeca\\\/publicacoes\\\/#breadcrumb\",\"itemListElement\":[{\"@type\":\"ListItem\",\"position\":1,\"name\":\"In\u00edcio\",\"item\":\"https:\\\/\\\/www.iscap.pt\\\/aeca\\\/\"},{\"@type\":\"ListItem\",\"position\":2,\"name\":\"Publica\u00e7\u00f5es\"}]},{\"@type\":\"WebSite\",\"@id\":\"https:\\\/\\\/www.iscap.pt\\\/aeca\\\/#website\",\"url\":\"https:\\\/\\\/www.iscap.pt\\\/aeca\\\/\",\"name\":\"XX Encontro Internacional AECA\",\"description\":\"XX Encontro Internacional AECA\",\"publisher\":{\"@id\":\"https:\\\/\\\/www.iscap.pt\\\/aeca\\\/#organization\"},\"potentialAction\":[{\"@type\":\"SearchAction\",\"target\":{\"@type\":\"EntryPoint\",\"urlTemplate\":\"https:\\\/\\\/www.iscap.pt\\\/aeca\\\/?s={search_term_string}\"},\"query-input\":{\"@type\":\"PropertyValueSpecification\",\"valueRequired\":true,\"valueName\":\"search_term_string\"}}],\"inLanguage\":\"pt-PT\"},{\"@type\":\"Organization\",\"@id\":\"https:\\\/\\\/www.iscap.pt\\\/aeca\\\/#organization\",\"name\":\"Asociaci\u00f3n Espa\u00f1ola de Contabilidad y Administraci\u00f3n de Empresas (AECA)\",\"url\":\"https:\\\/\\\/www.iscap.pt\\\/aeca\\\/\",\"logo\":{\"@type\":\"ImageObject\",\"inLanguage\":\"pt-PT\",\"@id\":\"https:\\\/\\\/www.iscap.pt\\\/aeca\\\/#\\\/schema\\\/logo\\\/image\\\/\",\"url\":\"\",\"contentUrl\":\"\",\"caption\":\"Asociaci\u00f3n Espa\u00f1ola de Contabilidad y Administraci\u00f3n de Empresas (AECA)\"},\"image\":{\"@id\":\"https:\\\/\\\/www.iscap.pt\\\/aeca\\\/#\\\/schema\\\/logo\\\/image\\\/\"}}]}<\/script>\n<!-- \/ Yoast SEO plugin. -->","yoast_head_json":{"title":"Publica\u00e7\u00f5es - XX Encontro Internacional AECA","robots":{"index":"index","follow":"follow","max-snippet":"max-snippet:-1","max-image-preview":"max-image-preview:large","max-video-preview":"max-video-preview:-1"},"canonical":"https:\/\/www.iscap.pt\/aeca\/publicacoes\/","og_locale":"pt_PT","og_type":"article","og_title":"Publica\u00e7\u00f5es - XX Encontro Internacional AECA","og_description":"Caracter\u00edsticas \u2022 Tipo de sessa\u0303o e durac\u0327a\u0303o: Sessa\u0303o paralela 90 minutos \u2022 Nu\u0301mero de trabalhos a apresentar: 3 Comunicac\u0327o\u0303es. \u2022 Tempo de exposic\u0327a\u0303o para\u00a0cada trabalho: Autores, 15 minutos. Discussant, 10 minutos.\u00a0Debate aberto, 5 minutos. \u2022\u00a0Tema: Monogra\u0301fico determinado pelo Encontro da AECA. Certificados e Publica\u00e7\u00e3o em Revistas AECA\u00a0 Os autores com trabalhos apresentados nos Workshops recebera\u0303o [&hellip;]","og_url":"https:\/\/www.iscap.pt\/aeca\/publicacoes\/","og_site_name":"XX Encontro Internacional AECA","article_modified_time":"2022-05-02T15:19:46+00:00","og_image":[{"url":"https:\/\/www.iscap.pt\/aeca\/wp-content\/uploads\/2022\/03\/Research-Workshops--1024x1024.png","type":"","width":"","height":""}],"twitter_card":"summary_large_image","twitter_misc":{"Tempo estimado de leitura":"2 minutos"},"schema":{"@context":"https:\/\/schema.org","@graph":[{"@type":"WebPage","@id":"https:\/\/www.iscap.pt\/aeca\/publicacoes\/","url":"https:\/\/www.iscap.pt\/aeca\/publicacoes\/","name":"Publica\u00e7\u00f5es - XX Encontro Internacional AECA","isPartOf":{"@id":"https:\/\/www.iscap.pt\/aeca\/#website"},"primaryImageOfPage":{"@id":"https:\/\/www.iscap.pt\/aeca\/publicacoes\/#primaryimage"},"image":{"@id":"https:\/\/www.iscap.pt\/aeca\/publicacoes\/#primaryimage"},"thumbnailUrl":"https:\/\/www.iscap.pt\/aeca\/wp-content\/uploads\/2022\/03\/Research-Workshops--1024x1024.png","datePublished":"2021-12-28T17:04:12+00:00","dateModified":"2022-05-02T15:19:46+00:00","breadcrumb":{"@id":"https:\/\/www.iscap.pt\/aeca\/publicacoes\/#breadcrumb"},"inLanguage":"pt-PT","potentialAction":[{"@type":"ReadAction","target":["https:\/\/www.iscap.pt\/aeca\/publicacoes\/"]}]},{"@type":"ImageObject","inLanguage":"pt-PT","@id":"https:\/\/www.iscap.pt\/aeca\/publicacoes\/#primaryimage","url":"https:\/\/www.iscap.pt\/aeca\/wp-content\/uploads\/2022\/03\/Research-Workshops-.png","contentUrl":"https:\/\/www.iscap.pt\/aeca\/wp-content\/uploads\/2022\/03\/Research-Workshops-.png","width":1080,"height":1080,"caption":"Publica\u00e7\u00f5es AECA XX"},{"@type":"BreadcrumbList","@id":"https:\/\/www.iscap.pt\/aeca\/publicacoes\/#breadcrumb","itemListElement":[{"@type":"ListItem","position":1,"name":"In\u00edcio","item":"https:\/\/www.iscap.pt\/aeca\/"},{"@type":"ListItem","position":2,"name":"Publica\u00e7\u00f5es"}]},{"@type":"WebSite","@id":"https:\/\/www.iscap.pt\/aeca\/#website","url":"https:\/\/www.iscap.pt\/aeca\/","name":"XX Encontro Internacional AECA","description":"XX Encontro Internacional AECA","publisher":{"@id":"https:\/\/www.iscap.pt\/aeca\/#organization"},"potentialAction":[{"@type":"SearchAction","target":{"@type":"EntryPoint","urlTemplate":"https:\/\/www.iscap.pt\/aeca\/?s={search_term_string}"},"query-input":{"@type":"PropertyValueSpecification","valueRequired":true,"valueName":"search_term_string"}}],"inLanguage":"pt-PT"},{"@type":"Organization","@id":"https:\/\/www.iscap.pt\/aeca\/#organization","name":"Asociaci\u00f3n Espa\u00f1ola de Contabilidad y Administraci\u00f3n de Empresas (AECA)","url":"https:\/\/www.iscap.pt\/aeca\/","logo":{"@type":"ImageObject","inLanguage":"pt-PT","@id":"https:\/\/www.iscap.pt\/aeca\/#\/schema\/logo\/image\/","url":"","contentUrl":"","caption":"Asociaci\u00f3n Espa\u00f1ola de Contabilidad y Administraci\u00f3n de Empresas (AECA)"},"image":{"@id":"https:\/\/www.iscap.pt\/aeca\/#\/schema\/logo\/image\/"}}]}},"_links":{"self":[{"href":"https:\/\/www.iscap.pt\/aeca\/wp-json\/wp\/v2\/pages\/158","targetHints":{"allow":["GET"]}}],"collection":[{"href":"https:\/\/www.iscap.pt\/aeca\/wp-json\/wp\/v2\/pages"}],"about":[{"href":"https:\/\/www.iscap.pt\/aeca\/wp-json\/wp\/v2\/types\/page"}],"author":[{"embeddable":true,"href":"https:\/\/www.iscap.pt\/aeca\/wp-json\/wp\/v2\/users\/1"}],"replies":[{"embeddable":true,"href":"https:\/\/www.iscap.pt\/aeca\/wp-json\/wp\/v2\/comments?post=158"}],"version-history":[{"count":73,"href":"https:\/\/www.iscap.pt\/aeca\/wp-json\/wp\/v2\/pages\/158\/revisions"}],"predecessor-version":[{"id":863,"href":"https:\/\/www.iscap.pt\/aeca\/wp-json\/wp\/v2\/pages\/158\/revisions\/863"}],"wp:attachment":[{"href":"https:\/\/www.iscap.pt\/aeca\/wp-json\/wp\/v2\/media?parent=158"}],"curies":[{"name":"wp","href":"https:\/\/api.w.org\/{rel}","templated":true}]}}