{"id":3118,"date":"2025-07-03T13:04:16","date_gmt":"2025-07-03T13:04:16","guid":{"rendered":"https:\/\/www.iscap.pt\/conferencias\/XI-EDICIC25\/?page_id=3118"},"modified":"2025-07-28T21:11:00","modified_gmt":"2025-07-28T21:11:00","slug":"como-llegar","status":"publish","type":"page","link":"https:\/\/www.iscap.pt\/conferencias\/XI-EDICIC25\/es\/como-llegar\/","title":{"rendered":"C\u00f3mo llegar"},"content":{"rendered":"\n<div class=\"wp-block-stackable-spacer stk-block-spacer stk--no-padding stk-block stk-6090630\" data-block-id=\"6090630\"><style>.stk-6090630 {height:50px !important;}@media screen and (max-width:999px){.stk-6090630 {height:80px !important;}}<\/style><\/div>\n\n\n\n<div class=\"wp-block-stackable-heading stk-block-heading stk-block-heading--v2 stk-block stk-41f6f5a\" id=\"span-style-color-ff-6900-class-stk-highlight-strong-como-llegar-al-iscap-strong-span\" data-block-id=\"41f6f5a\"><style>.stk-41f6f5a {margin-bottom:10px !important;}.stk-41f6f5a .stk-block-heading__text{line-height:1.2em !important;}<\/style><h2 class=\"stk-block-heading__text has-text-align-center\"><span style=\"color: #ff6900;\" class=\"stk-highlight\"><strong>C\u00f3mo llegar al ISCAP<\/strong><\/span><\/h2><\/div>\n\n\n\n<div class=\"wp-block-stackable-columns stk-block-columns stk-block stk-a5bc981\" data-block-id=\"a5bc981\"><style>.stk-a5bc981 {margin-bottom:0px !important;}.stk-a5bc981-column{--stk-column-gap:35px !important;row-gap:50px !important;}<\/style><div class=\"stk-row stk-inner-blocks stk-block-content stk-content-align stk-a5bc981-column\"><\/div><\/div>\n\n\n\n<div class=\"wp-block-stackable-spacer stk-block-spacer stk--no-padding stk-block stk-f8f9f73\" data-block-id=\"f8f9f73\"><style>.stk-f8f9f73 {height:12px !important;}<\/style><\/div>\n\n\n\n<div class=\"wp-block-stackable-columns stk-block-columns stk-block stk-3701e66\" data-block-id=\"3701e66\"><style>.stk-3701e66 {margin-bottom:12px !important;}<\/style><div class=\"stk-row stk-inner-blocks stk-block-content stk-content-align stk-3701e66-column\">\n<div class=\"wp-block-stackable-column stk-block-column stk-column stk-block stk-13af460\" data-v=\"4\" data-block-id=\"13af460\"><div class=\"stk-column-wrapper stk-block-column__content stk-container stk-13af460-container stk--no-background stk--no-padding\"><div class=\"stk-block-content stk-inner-blocks stk-13af460-inner-blocks\">\n<div class=\"wp-block-stackable-columns stk-block-columns stk-block stk-4d9c048\" data-block-id=\"4d9c048\"><div class=\"stk-row stk-inner-blocks stk-block-content stk-content-align stk-4d9c048-column\">\n<div class=\"wp-block-stackable-column stk-block-column stk-column stk-block stk-cb84c62\" data-v=\"4\" data-block-id=\"cb84c62\"><div class=\"stk-column-wrapper stk-block-column__content stk-container stk-cb84c62-container stk--no-background stk--no-padding\"><div class=\"stk-block-content stk-inner-blocks stk-cb84c62-inner-blocks\"><\/div><\/div><\/div>\n<\/div><\/div>\n<\/div><\/div><\/div>\n<\/div><\/div>\n\n\n\n<p>Despu\u00e9s de un aterrizaje seguro en el aeropuerto Francisco S\u00e1 Carneiro, puede llegar a ISCAP por varios medios disponibles:<\/p>\n\n\n\n<p><span style=\"font-weight: bold; color: var(--theme-palette-color-3, #687279);\" class=\"stk-highlight\">Sede<\/span> | <span style=\"color: var(--theme-palette-color-3, #687279);\" class=\"stk-highlight\"><strong>ISCAP: <a href=\"https:\/\/g.page\/ISCAP-politecnicodoporto?share\" target=\"_blank\" rel=\"noreferrer noopener\">https:\/\/g.page\/ISCAP-politecnicodoporto?share<\/a><\/strong><\/span><\/p>\n\n\n\n<p class=\"has-text-align-left has-medium-font-size\"><span style=\"color: var(--theme-palette-color-1, #FF6900);\" class=\"stk-highlight\"><strong>TRANSPORTE<\/strong><\/span><strong><span style=\"color: #ff6900;\" class=\"stk-highlight\">:<\/span><\/strong><\/p>\n\n\n\n<p><strong><span style=\"color: var(--theme-palette-color-4, #111518);\" class=\"stk-highlight\">1. En coche<\/span><\/strong><\/p>\n\n\n\n<ul class=\"wp-block-list\">\n<li><span style=\"color: var(--theme-palette-color-3, #687279);\" class=\"stk-highlight\"><strong>Coordenadas GPS: 41.189824, -8.598139 (12Km del Aeropuerto, aprox. 15 minutos)<\/strong><\/span><\/li>\n<\/ul>\n\n\n\n<p><span style=\"color: #000000;\" class=\"stk-highlight\"><strong>2. En Metro<\/strong><\/span><\/p>\n\n\n\n<ul class=\"wp-block-list\">\n<li><span style=\"color: var(--theme-palette-color-3, #687279);\" class=\"stk-highlight\"><strong>Coger la l\u00ednea morada E en la estaci\u00f3n de metro &#8220;Aeroporto&#8221;, cambiar de l\u00ednea en la estaci\u00f3n de metro &#8220;Trindade&#8221; y coger la l\u00ednea amarilla D hasta Hospital S\u00e3o Jo\u00e3o. Desde all\u00ed puede caminar hasta ISCAP o coger el autob\u00fas.<\/strong><\/span><br><\/li>\n\n\n\n<li><span style=\"color: var(--theme-palette-color-3, #687279);\" class=\"stk-highlight\"><strong>Para m\u00e1s informaci\u00f3n sobre billetes de metro y precios, visite<\/strong><\/span> <strong><a href=\"https:\/\/en.metrodoporto.pt\/\" target=\"_blank\" rel=\"noreferrer noopener\">https:\/\/en.metrodoporto.pt\/<\/a><\/strong><\/li>\n<\/ul>\n\n\n\n<figure class=\"wp-block-image aligncenter size-large is-resized\"><img loading=\"lazy\" decoding=\"async\" width=\"828\" height=\"1024\" src=\"https:\/\/www.iscap.pt\/conferencias\/XI-EDICIC25\/wp-content\/uploads\/2025\/07\/metro-828x1024.png\" alt=\"\" class=\"wp-image-3092\" style=\"width:455px;height:auto\" srcset=\"https:\/\/www.iscap.pt\/conferencias\/XI-EDICIC25\/wp-content\/uploads\/2025\/07\/metro-828x1024.png 828w, https:\/\/www.iscap.pt\/conferencias\/XI-EDICIC25\/wp-content\/uploads\/2025\/07\/metro-243x300.png 243w, https:\/\/www.iscap.pt\/conferencias\/XI-EDICIC25\/wp-content\/uploads\/2025\/07\/metro-768x950.png 768w, https:\/\/www.iscap.pt\/conferencias\/XI-EDICIC25\/wp-content\/uploads\/2025\/07\/metro-1242x1536.png 1242w, https:\/\/www.iscap.pt\/conferencias\/XI-EDICIC25\/wp-content\/uploads\/2025\/07\/metro.png 1366w\" sizes=\"auto, (max-width: 828px) 100vw, 828px\" \/><\/figure>\n\n\n\n<div class=\"wp-block-stackable-spacer stk-block-spacer stk--no-padding stk-block stk-6a8268d\" data-block-id=\"6a8268d\"><style>.stk-6a8268d {height:20px !important;}@media screen and (max-width:999px){.stk-6a8268d {height:80px !important;}}<\/style><\/div>\n\n\n\n<div class=\"wp-block-stackable-text stk-block-text stk-block stk-0ced47d\" data-block-id=\"0ced47d\"><style>.stk-0ced47d {margin-bottom:0px !important;}<\/style><p class=\"stk-block-text__text has-text-align-left\"><strong>3. En autob\u00fas<\/strong><\/p><\/div>\n\n\n\n<p><\/p>\n\n\n\n<ul class=\"wp-block-list\">\n<li><span style=\"color: var(--theme-palette-color-3, #687279);\" class=\"stk-highlight\"><strong>Directamente desde el aeropuerto: 604 (Hospital S. Jo\u00e3o &#8211; v\u00eda Crestins). Suba en la parada &#8220;Aeroporto&#8221; y baje en &#8220;Cavadas&#8221; o &#8220;ISCAP&#8221;.<\/strong><\/span><\/li>\n\n\n\n<li><span style=\"color: var(--theme-palette-color-3, #687279);\" class=\"stk-highlight\"><strong>Otras l\u00edneas que puede tomar desde la estaci\u00f3n de metro de Hospital S\u00e3o Jo\u00e3o:<\/strong><\/span>\n<ul class=\"wp-block-list\">\n<li><span style=\"color: #000000;\" class=\"stk-highlight\">506 (Matosinhos (Mercado))<\/span><\/li>\n\n\n\n<li>603 (Maia)<\/li>\n\n\n\n<li>705 (Continente)<\/li>\n<\/ul>\n<\/li>\n<\/ul>\n\n\n\n<ul class=\"wp-block-list\">\n<li><span style=\"color: var(--theme-palette-color-3, #687279);\" class=\"stk-highlight\"><strong>Otras l\u00edneas que puede tomar desde el centro de la ciudad:<\/strong><\/span>\n<ul class=\"wp-block-list\">\n<li>506 (Matosinhos (Praia))<\/li>\n\n\n\n<li>600 (Maia)<\/li>\n<\/ul>\n<\/li>\n<\/ul>\n\n\n\n<figure class=\"wp-block-image aligncenter size-full\"><img loading=\"lazy\" decoding=\"async\" width=\"910\" height=\"431\" src=\"https:\/\/www.iscap.pt\/conferencias\/XI-EDICIC25\/wp-content\/uploads\/2025\/07\/bus.jpg\" alt=\"\" class=\"wp-image-3097\" srcset=\"https:\/\/www.iscap.pt\/conferencias\/XI-EDICIC25\/wp-content\/uploads\/2025\/07\/bus.jpg 910w, https:\/\/www.iscap.pt\/conferencias\/XI-EDICIC25\/wp-content\/uploads\/2025\/07\/bus-300x142.jpg 300w, https:\/\/www.iscap.pt\/conferencias\/XI-EDICIC25\/wp-content\/uploads\/2025\/07\/bus-768x364.jpg 768w\" sizes=\"auto, (max-width: 910px) 100vw, 910px\" \/><\/figure>\n\n\n\n<ul class=\"wp-block-list\">\n<li><span style=\"color: var(--theme-palette-color-3, #687279);\" class=\"stk-highlight\"><strong>Uber y otras plataformas de movilidad similares est\u00e1n bien implantadas en Portugal, por lo que puedes utilizarlas a tu antojo.<\/strong><\/span><\/li>\n<\/ul>\n\n\n\n<div class=\"wp-block-stackable-spacer stk-block-spacer stk--no-padding stk-block stk-df6c7aa\" data-block-id=\"df6c7aa\"><style>.stk-df6c7aa {height:35px !important;}<\/style><\/div>\n\n\n\n<div class=\"wp-block-stackable-heading stk-block-heading stk-block-heading--v2 stk-block stk-f03c22d\" id=\"span-style-color-ff-6900-class-stk-highlight-strong-como-llegar-al-hotel-strong-span\" data-block-id=\"f03c22d\"><style>.stk-f03c22d {margin-bottom:10px !important;}.stk-f03c22d .stk-block-heading__text{line-height:1.2em !important;}<\/style><h2 class=\"stk-block-heading__text has-text-align-center\"><span style=\"color: #ff6900;\" class=\"stk-highlight\"><strong>C\u00f3mo llegar al Hotel<\/strong><\/span><\/h2><\/div>\n\n\n\n<div class=\"wp-block-stackable-columns stk-block-columns stk-block stk-305bfc2\" data-block-id=\"305bfc2\"><style>.stk-305bfc2 {margin-bottom:0px !important;}.stk-305bfc2-column{--stk-column-gap:35px !important;row-gap:50px !important;}<\/style><div class=\"stk-row stk-inner-blocks stk-block-content stk-content-align stk-305bfc2-column\"><\/div><\/div>\n\n\n\n<div class=\"wp-block-stackable-spacer stk-block-spacer stk--no-padding stk-block stk-0285952\" data-block-id=\"0285952\"><style>.stk-0285952 {height:12px !important;}@media screen and (max-width:999px){.stk-0285952 {height:50px !important;}}<\/style><\/div>\n\n\n\n<p class=\"has-medium-font-size\"><strong><span style=\"color: var(--theme-palette-color-1, #FF6900);\" class=\"stk-highlight\">Alojamiento<\/span><\/strong><\/p>\n\n\n\n<p><span style=\"color: var(--theme-palette-color-3, #687279);\" class=\"stk-highlight\"><strong>ISCAP est\u00e1 situado fuera del centro de Oporto. Si desea alojarse cerca del recinto, le sugerimos los siguientes hoteles, todos ellos a poca distancia a pie de ISCAP (de 5 a 15 minutos):<\/strong><\/span><\/p>\n\n\n\n<ul class=\"wp-block-list\">\n<li><span style=\"color: var(--theme-palette-color-3, #687279);\" class=\"stk-highlight\"><strong>Hotel Axis: <\/strong><\/span><a href=\"https:\/\/www.axishoteis.com\/pt\/Axis-Hoteis\/Hoteis\/Axis-Porto\/O-Hotel.aspx\" target=\"_blank\" rel=\"noreferrer noopener\">https:\/\/www.axishoteis.com\/pt\/Axis-Hoteis\/Hoteis\/Axis-Porto\/O-Hotel.aspx<\/a><\/li>\n\n\n\n<li><span style=\"color: var(--theme-palette-color-3, #687279);\" class=\"stk-highlight\"><strong>Eurostars Porto:<\/strong><\/span> <a href=\"https:\/\/www.eurostarshotels.com.pt\/eurostars-oporto.html\" target=\"_blank\" rel=\"noreferrer noopener\">https:\/\/www.eurostarshotels.com.pt\/eurostars-oporto.html<\/a><\/li>\n\n\n\n<li><span style=\"color: var(--theme-palette-color-3, #687279);\" class=\"stk-highlight\"><strong>Hotel Ibis (S\u00e3o Jo\u00e3o):<\/strong><\/span> <a href=\"https:\/\/all.accor.com\/hotel\/3227\/index.pt.shtml\" target=\"_blank\" rel=\"noreferrer noopener\">https:\/\/all.accor.com\/hotel\/3227\/index.pt.shtml<\/a><\/li>\n<\/ul>\n\n\n\n<p><span style=\"color: var(--theme-palette-color-3, #687279);\" class=\"stk-highlight\"><strong>Si desea alojarse cerca del centro de la ciudad, h\u00e1ganoslo saber y podremos ofrecerle algunas sugerencias de hoteles y alojamientos locales. \u00c9stas son algunas de las sugerencias m\u00e1s recomendables de visitas anteriores:<\/strong><\/span><\/p>\n\n\n\n<ul class=\"wp-block-list\">\n<li><strong><span style=\"color: var(--theme-palette-color-3, #687279);\" class=\"stk-highlight\">Hotel Moov Porto<\/span><\/strong><span style=\"color: var(--theme-palette-color-3, #687279);\" class=\"stk-highlight\"><strong>:<\/strong><\/span> <a href=\"https:\/\/hotelmoov.com\/en\/\" target=\"_blank\" rel=\"noreferrer noopener\">https:\/\/hotelmoov.com\/en\/<\/a><\/li>\n\n\n\n<li><span style=\"color: var(--theme-palette-color-3, #687279);\" class=\"stk-highlight\"><strong>Grande Hotel do Porto:<\/strong><\/span> <a href=\"https:\/\/www.grandehotelporto.com\/EN\/home.html\" target=\"_blank\" rel=\"noreferrer noopener\">https:\/\/www.grandehotelporto.com\/EN\/home.html<\/a><\/li>\n\n\n\n<li><span style=\"color: var(--theme-palette-color-3, #687279);\" class=\"stk-highlight\"><strong>Hotel Tryp:<\/strong><\/span> <a href=\"https:\/\/www.trypportocentro.com\/en\/\" target=\"_blank\" rel=\"noreferrer noopener\">https:\/\/www.trypportocentro.com\/en\/<\/a><\/li>\n\n\n\n<li><span style=\"color: var(--theme-palette-color-3, #687279);\" class=\"stk-highlight\"><strong>Castelo de Santa Catarina:<\/strong><\/span> <a href=\"https:\/\/www.castelosantacatarina.com\/en\/\" target=\"_blank\" rel=\"noreferrer noopener\">https:\/\/www.castelosantacatarina.com\/en\/<\/a><\/li>\n<\/ul>\n\n\n\n<div class=\"wp-block-stackable-spacer stk-block-spacer stk--no-padding stk-block stk-92cd888\" data-block-id=\"92cd888\"><style>.stk-92cd888 {height:35px !important;}<\/style><\/div>\n\n\n\n<p><\/p>\n\n\n\n<p><strong><span style=\"color: var(--theme-palette-color-4, #111518);\" class=\"stk-highlight\">Tiempo<\/span><\/strong><\/p>\n\n\n\n<p><span style=\"color: var(--theme-palette-color-3, #687279);\" class=\"stk-highlight\"><strong>Consulte la previsi\u00f3n meteorol\u00f3gica en:<\/strong><\/span> <a href=\"https:\/\/www.ipma.pt\/en\/otempo\/prev.localidade.hora\/index.jsp#Porto&amp;Porto\" target=\"_blank\" rel=\"noreferrer noopener\">https:\/\/www.ipma.pt\/en\/otempo\/prev.localidade.hora\/index.jsp#Porto&amp;Porto<\/a><\/p>\n\n\n\n<div class=\"wp-block-stackable-spacer stk-block-spacer stk--no-padding stk-block stk-669ae87\" data-block-id=\"669ae87\"><\/div>\n\n\n\n<p><\/p>\n","protected":false},"excerpt":{"rendered":"<p>C\u00f3mo llegar al ISCAP Despu\u00e9s de un aterrizaje seguro en el aeropuerto Francisco S\u00e1 Carneiro, puede llegar a ISCAP por varios medios disponibles: Sede | ISCAP: https:\/\/g.page\/ISCAP-politecnicodoporto?share TRANSPORTE: 1. En coche 2. En Metro 3. En autob\u00fas C\u00f3mo llegar al Hotel Alojamiento ISCAP est\u00e1 situado fuera del centro de Oporto. Si desea alojarse cerca del [&hellip;]<\/p>\n","protected":false},"author":1,"featured_media":1547,"parent":0,"menu_order":0,"comment_status":"closed","ping_status":"closed","template":"","meta":{"footnotes":""},"class_list":["post-3118","page","type-page","status-publish","has-post-thumbnail","hentry"],"blocksy_meta":{"styles_descriptor":{"styles":{"desktop":"","tablet":"","mobile":""},"google_fonts":[],"version":6}},"yoast_head":"<!-- This site is optimized with the Yoast SEO plugin v27.1.1 - https:\/\/yoast.com\/product\/yoast-seo-wordpress\/ -->\n<title>C\u00f3mo llegar - XI EDICIC Ib\u00e9rico 2025<\/title>\n<meta name=\"robots\" content=\"index, follow, max-snippet:-1, max-image-preview:large, max-video-preview:-1\" \/>\n<link rel=\"canonical\" href=\"https:\/\/www.iscap.pt\/conferencias\/XI-EDICIC25\/es\/como-llegar\/\" \/>\n<meta property=\"og:locale\" content=\"pt_PT\" \/>\n<meta property=\"og:type\" content=\"article\" \/>\n<meta property=\"og:title\" content=\"C\u00f3mo llegar - XI EDICIC Ib\u00e9rico 2025\" \/>\n<meta property=\"og:description\" content=\"C\u00f3mo llegar al ISCAP Despu\u00e9s de un aterrizaje seguro en el aeropuerto Francisco S\u00e1 Carneiro, puede llegar a ISCAP por varios medios disponibles: Sede | ISCAP: https:\/\/g.page\/ISCAP-politecnicodoporto?share TRANSPORTE: 1. En coche 2. En Metro 3. En autob\u00fas C\u00f3mo llegar al Hotel Alojamiento ISCAP est\u00e1 situado fuera del centro de Oporto. Si desea alojarse cerca del [&hellip;]\" \/>\n<meta property=\"og:url\" content=\"https:\/\/www.iscap.pt\/conferencias\/XI-EDICIC25\/es\/como-llegar\/\" \/>\n<meta property=\"og:site_name\" content=\"XI EDICIC Ib\u00e9rico 2025\" \/>\n<meta property=\"article:publisher\" content=\"https:\/\/www.facebook.com\/EdicicOficial\" \/>\n<meta property=\"article:modified_time\" content=\"2025-07-28T21:11:00+00:00\" \/>\n<meta property=\"og:image\" content=\"https:\/\/www.iscap.pt\/conferencias\/XI-EDICIC25\/wp-content\/uploads\/2025\/02\/aperture-vintage-ELUPiavf5aU-unsplash.jpg\" \/>\n\t<meta property=\"og:image:width\" content=\"2400\" \/>\n\t<meta property=\"og:image:height\" content=\"1600\" \/>\n\t<meta property=\"og:image:type\" content=\"image\/jpeg\" \/>\n<meta name=\"twitter:card\" content=\"summary_large_image\" \/>\n<meta name=\"twitter:site\" content=\"@EDICIC_OFICIAL\" \/>\n<meta name=\"twitter:label1\" content=\"Est. reading time\" \/>\n\t<meta name=\"twitter:data1\" content=\"3 minutos\" \/>\n<script type=\"application\/ld+json\" class=\"yoast-schema-graph\">{\"@context\":\"https:\/\/schema.org\",\"@graph\":[{\"@type\":\"WebPage\",\"@id\":\"https:\/\/www.iscap.pt\/conferencias\/XI-EDICIC25\/es\/como-llegar\/\",\"url\":\"https:\/\/www.iscap.pt\/conferencias\/XI-EDICIC25\/es\/como-llegar\/\",\"name\":\"C\u00f3mo llegar - XI EDICIC Ib\u00e9rico 2025\",\"isPartOf\":{\"@id\":\"https:\/\/www.iscap.pt\/conferencias\/XI-EDICIC25\/#website\"},\"primaryImageOfPage\":{\"@id\":\"https:\/\/www.iscap.pt\/conferencias\/XI-EDICIC25\/es\/como-llegar\/#primaryimage\"},\"image\":{\"@id\":\"https:\/\/www.iscap.pt\/conferencias\/XI-EDICIC25\/es\/como-llegar\/#primaryimage\"},\"thumbnailUrl\":\"https:\/\/www.iscap.pt\/conferencias\/XI-EDICIC25\/wp-content\/uploads\/2025\/02\/aperture-vintage-ELUPiavf5aU-unsplash.jpg\",\"datePublished\":\"2025-07-03T13:04:16+00:00\",\"dateModified\":\"2025-07-28T21:11:00+00:00\",\"breadcrumb\":{\"@id\":\"https:\/\/www.iscap.pt\/conferencias\/XI-EDICIC25\/es\/como-llegar\/#breadcrumb\"},\"inLanguage\":\"pt-PT\",\"potentialAction\":[{\"@type\":\"ReadAction\",\"target\":[\"https:\/\/www.iscap.pt\/conferencias\/XI-EDICIC25\/es\/como-llegar\/\"]}]},{\"@type\":\"ImageObject\",\"inLanguage\":\"pt-PT\",\"@id\":\"https:\/\/www.iscap.pt\/conferencias\/XI-EDICIC25\/es\/como-llegar\/#primaryimage\",\"url\":\"https:\/\/www.iscap.pt\/conferencias\/XI-EDICIC25\/wp-content\/uploads\/2025\/02\/aperture-vintage-ELUPiavf5aU-unsplash.jpg\",\"contentUrl\":\"https:\/\/www.iscap.pt\/conferencias\/XI-EDICIC25\/wp-content\/uploads\/2025\/02\/aperture-vintage-ELUPiavf5aU-unsplash.jpg\",\"width\":2400,\"height\":1600,\"caption\":\"XI EDICIC Ib\u00e9rico\"},{\"@type\":\"BreadcrumbList\",\"@id\":\"https:\/\/www.iscap.pt\/conferencias\/XI-EDICIC25\/es\/como-llegar\/#breadcrumb\",\"itemListElement\":[{\"@type\":\"ListItem\",\"position\":1,\"name\":\"In\u00edcio\",\"item\":\"https:\/\/www.iscap.pt\/conferencias\/XI-EDICIC25\/\"},{\"@type\":\"ListItem\",\"position\":2,\"name\":\"C\u00f3mo llegar\"}]},{\"@type\":\"WebSite\",\"@id\":\"https:\/\/www.iscap.pt\/conferencias\/XI-EDICIC25\/#website\",\"url\":\"https:\/\/www.iscap.pt\/conferencias\/XI-EDICIC25\/\",\"name\":\"XI EDICIC Ib\u00e9rico 2025\",\"description\":\"XI Encontro EDICIC Ib\u00e9rico, P. Porto\/ISCAP, novembro 2025\",\"publisher\":{\"@id\":\"https:\/\/www.iscap.pt\/conferencias\/XI-EDICIC25\/#organization\"},\"potentialAction\":[{\"@type\":\"SearchAction\",\"target\":{\"@type\":\"EntryPoint\",\"urlTemplate\":\"https:\/\/www.iscap.pt\/conferencias\/XI-EDICIC25\/?s={search_term_string}\"},\"query-input\":{\"@type\":\"PropertyValueSpecification\",\"valueRequired\":true,\"valueName\":\"search_term_string\"}}],\"inLanguage\":\"pt-PT\"},{\"@type\":\"Organization\",\"@id\":\"https:\/\/www.iscap.pt\/conferencias\/XI-EDICIC25\/#organization\",\"name\":\"XI EDICIC Ib\u00e9rico 2025\",\"url\":\"https:\/\/www.iscap.pt\/conferencias\/XI-EDICIC25\/\",\"logo\":{\"@type\":\"ImageObject\",\"inLanguage\":\"pt-PT\",\"@id\":\"https:\/\/www.iscap.pt\/conferencias\/XI-EDICIC25\/#\/schema\/logo\/image\/\",\"url\":\"https:\/\/www.iscap.pt\/conferencias\/XI-EDICIC25\/wp-content\/uploads\/2025\/02\/XIEnancib-HOR-1.png\",\"contentUrl\":\"https:\/\/www.iscap.pt\/conferencias\/XI-EDICIC25\/wp-content\/uploads\/2025\/02\/XIEnancib-HOR-1.png\",\"width\":1012,\"height\":314,\"caption\":\"XI EDICIC Ib\u00e9rico 2025\"},\"image\":{\"@id\":\"https:\/\/www.iscap.pt\/conferencias\/XI-EDICIC25\/#\/schema\/logo\/image\/\"},\"sameAs\":[\"https:\/\/www.facebook.com\/EdicicOficial\",\"https:\/\/x.com\/EDICIC_OFICIAL\",\"https:\/\/www.instagram.com\/edicic_oficial\/\",\"https:\/\/www.youtube.com\/channel\/UCUNOuC9ud2za30O6yRJTNQQ\"]}]}<\/script>\n<!-- \/ Yoast SEO plugin. -->","yoast_head_json":{"title":"C\u00f3mo llegar - XI EDICIC Ib\u00e9rico 2025","robots":{"index":"index","follow":"follow","max-snippet":"max-snippet:-1","max-image-preview":"max-image-preview:large","max-video-preview":"max-video-preview:-1"},"canonical":"https:\/\/www.iscap.pt\/conferencias\/XI-EDICIC25\/es\/como-llegar\/","og_locale":"pt_PT","og_type":"article","og_title":"C\u00f3mo llegar - XI EDICIC Ib\u00e9rico 2025","og_description":"C\u00f3mo llegar al ISCAP Despu\u00e9s de un aterrizaje seguro en el aeropuerto Francisco S\u00e1 Carneiro, puede llegar a ISCAP por varios medios disponibles: Sede | ISCAP: https:\/\/g.page\/ISCAP-politecnicodoporto?share TRANSPORTE: 1. En coche 2. En Metro 3. En autob\u00fas C\u00f3mo llegar al Hotel Alojamiento ISCAP est\u00e1 situado fuera del centro de Oporto. Si desea alojarse cerca del [&hellip;]","og_url":"https:\/\/www.iscap.pt\/conferencias\/XI-EDICIC25\/es\/como-llegar\/","og_site_name":"XI EDICIC Ib\u00e9rico 2025","article_publisher":"https:\/\/www.facebook.com\/EdicicOficial","article_modified_time":"2025-07-28T21:11:00+00:00","og_image":[{"width":2400,"height":1600,"url":"https:\/\/www.iscap.pt\/conferencias\/XI-EDICIC25\/wp-content\/uploads\/2025\/02\/aperture-vintage-ELUPiavf5aU-unsplash.jpg","type":"image\/jpeg"}],"twitter_card":"summary_large_image","twitter_site":"@EDICIC_OFICIAL","twitter_misc":{"Est. reading time":"3 minutos"},"schema":{"@context":"https:\/\/schema.org","@graph":[{"@type":"WebPage","@id":"https:\/\/www.iscap.pt\/conferencias\/XI-EDICIC25\/es\/como-llegar\/","url":"https:\/\/www.iscap.pt\/conferencias\/XI-EDICIC25\/es\/como-llegar\/","name":"C\u00f3mo llegar - XI EDICIC Ib\u00e9rico 2025","isPartOf":{"@id":"https:\/\/www.iscap.pt\/conferencias\/XI-EDICIC25\/#website"},"primaryImageOfPage":{"@id":"https:\/\/www.iscap.pt\/conferencias\/XI-EDICIC25\/es\/como-llegar\/#primaryimage"},"image":{"@id":"https:\/\/www.iscap.pt\/conferencias\/XI-EDICIC25\/es\/como-llegar\/#primaryimage"},"thumbnailUrl":"https:\/\/www.iscap.pt\/conferencias\/XI-EDICIC25\/wp-content\/uploads\/2025\/02\/aperture-vintage-ELUPiavf5aU-unsplash.jpg","datePublished":"2025-07-03T13:04:16+00:00","dateModified":"2025-07-28T21:11:00+00:00","breadcrumb":{"@id":"https:\/\/www.iscap.pt\/conferencias\/XI-EDICIC25\/es\/como-llegar\/#breadcrumb"},"inLanguage":"pt-PT","potentialAction":[{"@type":"ReadAction","target":["https:\/\/www.iscap.pt\/conferencias\/XI-EDICIC25\/es\/como-llegar\/"]}]},{"@type":"ImageObject","inLanguage":"pt-PT","@id":"https:\/\/www.iscap.pt\/conferencias\/XI-EDICIC25\/es\/como-llegar\/#primaryimage","url":"https:\/\/www.iscap.pt\/conferencias\/XI-EDICIC25\/wp-content\/uploads\/2025\/02\/aperture-vintage-ELUPiavf5aU-unsplash.jpg","contentUrl":"https:\/\/www.iscap.pt\/conferencias\/XI-EDICIC25\/wp-content\/uploads\/2025\/02\/aperture-vintage-ELUPiavf5aU-unsplash.jpg","width":2400,"height":1600,"caption":"XI EDICIC Ib\u00e9rico"},{"@type":"BreadcrumbList","@id":"https:\/\/www.iscap.pt\/conferencias\/XI-EDICIC25\/es\/como-llegar\/#breadcrumb","itemListElement":[{"@type":"ListItem","position":1,"name":"In\u00edcio","item":"https:\/\/www.iscap.pt\/conferencias\/XI-EDICIC25\/"},{"@type":"ListItem","position":2,"name":"C\u00f3mo llegar"}]},{"@type":"WebSite","@id":"https:\/\/www.iscap.pt\/conferencias\/XI-EDICIC25\/#website","url":"https:\/\/www.iscap.pt\/conferencias\/XI-EDICIC25\/","name":"XI EDICIC Ib\u00e9rico 2025","description":"XI Encontro EDICIC Ib\u00e9rico, P. Porto\/ISCAP, novembro 2025","publisher":{"@id":"https:\/\/www.iscap.pt\/conferencias\/XI-EDICIC25\/#organization"},"potentialAction":[{"@type":"SearchAction","target":{"@type":"EntryPoint","urlTemplate":"https:\/\/www.iscap.pt\/conferencias\/XI-EDICIC25\/?s={search_term_string}"},"query-input":{"@type":"PropertyValueSpecification","valueRequired":true,"valueName":"search_term_string"}}],"inLanguage":"pt-PT"},{"@type":"Organization","@id":"https:\/\/www.iscap.pt\/conferencias\/XI-EDICIC25\/#organization","name":"XI EDICIC Ib\u00e9rico 2025","url":"https:\/\/www.iscap.pt\/conferencias\/XI-EDICIC25\/","logo":{"@type":"ImageObject","inLanguage":"pt-PT","@id":"https:\/\/www.iscap.pt\/conferencias\/XI-EDICIC25\/#\/schema\/logo\/image\/","url":"https:\/\/www.iscap.pt\/conferencias\/XI-EDICIC25\/wp-content\/uploads\/2025\/02\/XIEnancib-HOR-1.png","contentUrl":"https:\/\/www.iscap.pt\/conferencias\/XI-EDICIC25\/wp-content\/uploads\/2025\/02\/XIEnancib-HOR-1.png","width":1012,"height":314,"caption":"XI EDICIC Ib\u00e9rico 2025"},"image":{"@id":"https:\/\/www.iscap.pt\/conferencias\/XI-EDICIC25\/#\/schema\/logo\/image\/"},"sameAs":["https:\/\/www.facebook.com\/EdicicOficial","https:\/\/x.com\/EDICIC_OFICIAL","https:\/\/www.instagram.com\/edicic_oficial\/","https:\/\/www.youtube.com\/channel\/UCUNOuC9ud2za30O6yRJTNQQ"]}]}},"_links":{"self":[{"href":"https:\/\/www.iscap.pt\/conferencias\/XI-EDICIC25\/wp-json\/wp\/v2\/pages\/3118","targetHints":{"allow":["GET"]}}],"collection":[{"href":"https:\/\/www.iscap.pt\/conferencias\/XI-EDICIC25\/wp-json\/wp\/v2\/pages"}],"about":[{"href":"https:\/\/www.iscap.pt\/conferencias\/XI-EDICIC25\/wp-json\/wp\/v2\/types\/page"}],"author":[{"embeddable":true,"href":"https:\/\/www.iscap.pt\/conferencias\/XI-EDICIC25\/wp-json\/wp\/v2\/users\/1"}],"replies":[{"embeddable":true,"href":"https:\/\/www.iscap.pt\/conferencias\/XI-EDICIC25\/wp-json\/wp\/v2\/comments?post=3118"}],"version-history":[{"count":13,"href":"https:\/\/www.iscap.pt\/conferencias\/XI-EDICIC25\/wp-json\/wp\/v2\/pages\/3118\/revisions"}],"predecessor-version":[{"id":3177,"href":"https:\/\/www.iscap.pt\/conferencias\/XI-EDICIC25\/wp-json\/wp\/v2\/pages\/3118\/revisions\/3177"}],"wp:featuredmedia":[{"embeddable":true,"href":"https:\/\/www.iscap.pt\/conferencias\/XI-EDICIC25\/wp-json\/wp\/v2\/media\/1547"}],"wp:attachment":[{"href":"https:\/\/www.iscap.pt\/conferencias\/XI-EDICIC25\/wp-json\/wp\/v2\/media?parent=3118"}],"curies":[{"name":"wp","href":"https:\/\/api.w.org\/{rel}","templated":true}]}}