{"id":1482,"date":"2025-11-28T00:45:50","date_gmt":"2025-11-28T00:45:50","guid":{"rendered":"https:\/\/www.iscap.pt\/conferencias\/XIX-EncontroCTDI25\/?page_id=1482"},"modified":"2025-12-08T18:59:03","modified_gmt":"2025-12-08T18:59:03","slug":"programa","status":"publish","type":"page","link":"https:\/\/www.iscap.pt\/conferencias\/XIX-EncontroCTDI25\/programa\/","title":{"rendered":"Programa"},"content":{"rendered":"\n<p class=\"has-medium-font-size\" data-block-type=\"core\"><strong><span style=\"color: #865d36;\" class=\"stk-highlight\">XIX Encontro Internacional de CTDI &#8211; Informa\u00e7\u00e3o Sens\u00edvel e Mem\u00f3ria Coletiva: Gest\u00e3o, Preserva\u00e7\u00e3o e Responsabilidade<\/span><\/strong><\/p>\n\n\n\n<p class=\"has-medium-font-size\" data-block-type=\"core\"><strong><span style=\"color: #fcb900;\" class=\"stk-highlight\">09:10<\/span><\/strong><\/p>\n\n\n\n<p class=\"has-large-font-size\" data-block-type=\"core\"><strong><span style=\"color: #865d36;\" class=\"stk-highlight\">Sess\u00e3o de Abertura<\/span><\/strong><\/p>\n\n\n\n<p class=\"has-medium-font-size\" data-block-type=\"core\"><strong><span style=\"color: #ff6900;\" class=\"stk-highlight\">Interven\u00e7\u00f5es:<\/span><\/strong><\/p>\n\n\n\n<p data-block-type=\"core\"><strong>\u00b7<span style=\"color: #ac8968;\" class=\"stk-highlight\">&nbsp;Diretora da Licenciatura em CTDI \u2013<\/span>&nbsp;<span style=\"color: #865d36;\" class=\"stk-highlight\">Prof. Doutora Milena Carvalho<\/span><\/strong><\/p>\n\n\n\n<p data-block-type=\"core\"><strong>\u00b7&nbsp;<span style=\"color: #ac8968;\" class=\"stk-highlight\">Presidente da Associa\u00e7\u00e3o de Estudantes do ISCAP<\/span>&nbsp;<span style=\"color: #865d36;\" class=\"stk-highlight\">\u2013&nbsp;Diogo Silva<\/span><\/strong><\/p>\n\n\n\n<p data-block-type=\"core\"><strong>\u00b7<span style=\"color: #ac8968;\" class=\"stk-highlight\">&nbsp;Presidente do Conselho Pedag\u00f3gico \u2013<\/span><span style=\"color: #865d36;\" class=\"stk-highlight\">&nbsp;Prof. Doutora Suzana Noronha<\/span><\/strong><\/p>\n\n\n\n<p data-block-type=\"core\"><strong>\u00b7&nbsp;<\/strong><span style=\"color: #ac8968;\" class=\"stk-highlight\"><strong>Coordenador da \u00c1rea Cient\u00edfica de Sistemas de Informa\u00e7\u00e3o \u2013<\/strong><\/span><span style=\"color: #865d36;\" class=\"stk-highlight\">&nbsp;<strong>Prof. Doutor Agostinho Pinto<\/strong><\/span><\/p>\n\n\n\n<p data-block-type=\"core\"><strong>\u00b7&nbsp;<\/strong><span style=\"color: #ac8968;\" class=\"stk-highlight\"><strong>Presidente da APBAD \u2013<\/strong>&nbsp;<\/span><strong><span style=\"color: #865d36;\" class=\"stk-highlight\">Dr.\u00aa Ana Alves Pereira<\/span><\/strong><\/p>\n\n\n\n<p data-block-type=\"core\"><strong>\u00b7&nbsp;<span style=\"color: #ac8968;\" class=\"stk-highlight\">Presidente da APDIS \u2013<\/span><span style=\"color: #865d36;\" class=\"stk-highlight\">&nbsp;Prof. Doutora Rosa Saraiva<\/span><\/strong><\/p>\n\n\n\n<p data-block-type=\"core\"><strong>\u00b7&nbsp;<span style=\"color: #ac8968;\" class=\"stk-highlight\">Presidente do ISCAP \u2013<\/span><span style=\"color: #865d36;\" class=\"stk-highlight\">&nbsp;Prof. Doutor Manuel Moreira da Silva<\/span><\/strong><\/p>\n\n\n\n<p data-block-type=\"core\"><strong>\u00b7&nbsp;<span style=\"color: #ac8968;\" class=\"stk-highlight\">Vice-Presidente do P. Porto&nbsp;\u2013<\/span>&nbsp;<span style=\"color: #865d36;\" class=\"stk-highlight\">Prof. Doutor Fernando Magalh\u00e3es<\/span><\/strong><\/p>\n\n\n\n<div class=\"wp-block-stackable-spacer stk-block-spacer stk--no-padding stk-block stk-7bf9b91\" data-block-id=\"7bf9b91\"><style>.stk-7bf9b91 {height:40px !important;}<\/style><\/div>\n\n\n\n<p class=\"has-large-font-size\" data-block-type=\"core\"><strong><span style=\"color: #865d36;\" class=\"stk-highlight\">ORADORES<\/span><\/strong><\/p>\n\n\n\n<p class=\"has-text-align-center has-medium-font-size\" data-block-type=\"core\"><strong><span style=\"color: var(--theme-palette-color-9, CT_CSS_SKIP_RULE);\" class=\"stk-highlight\">Modera\u00e7\u00e3o:&nbsp;Filipa Leite<\/span><\/strong><\/p>\n\n\n\n<p class=\"has-medium-font-size\" data-block-type=\"core\"><strong><span style=\"color: #fcb900;\" class=\"stk-highlight\">10:<\/span><\/strong><strong><span style=\"color: #fcb900;\" class=\"stk-highlight\">00<\/span><\/strong><\/p>\n\n\n\n<p data-block-type=\"core\"><strong><span style=\"color: #ff6900;\" class=\"stk-highlight\">Ana Margarida Dias da Silva &#8211;<\/span><span style=\"color: #ac8968;\" class=\"stk-highlight\"> T\u00e9cnica Superior no Arquivo do Departamento de Ci\u00eancias da Vida da Universidade de Coimbra &#8211; <\/span>Para o bem e para o mal. A Intelig\u00eancia artificial e riscos na manipula\u00e7\u00e3o da mem\u00f3ria institucional.<\/strong><\/p>\n\n\n\n<p class=\"has-medium-font-size\" data-block-type=\"core\"><strong><span style=\"color: #fcb900;\" class=\"stk-highlight\">10:20<\/span><\/strong><\/p>\n\n\n\n<p data-block-type=\"core\"><strong><span style=\"color: #ff6900;\" class=\"stk-highlight\">Helder Silva &#8211; <\/span><span style=\"color: #ac8968;\" class=\"stk-highlight\">Coordenador do Arquivo Municipal de Albergaria-a-Velha &#8211;<\/span> Desmaterializar\u201d o Imaterial: Gest\u00e3o e Preserva\u00e7\u00e3o do Patrim\u00f3nio em Arquivos com C\u00f3digo Aberto<br><\/strong><\/p>\n\n\n\n<p class=\"has-medium-font-size\" data-block-type=\"core\"><strong><span style=\"color: #fcb900;\" class=\"stk-highlight\">10:40<\/span><\/strong><\/p>\n\n\n\n<p data-block-type=\"core\"><strong><span style=\"color: #ff6900;\" class=\"stk-highlight\">Sandra Patr\u00edcio &#8211; <\/span><span style=\"color: #ac8968;\" class=\"stk-highlight\">Respons\u00e1vel pelo Arquivo Municipal de Sines &#8211; <\/span>Amea\u00e7as aos arquivos do presente: que arquivos teremos no futuro?<\/strong><\/p>\n\n\n\n<p class=\"has-medium-font-size\" data-block-type=\"core\"><strong><span style=\"color: #fcb900;\" class=\"stk-highlight\">11:00<\/span><\/strong><\/p>\n\n\n\n<p data-block-type=\"core\"><strong><span style=\"color: #ff6900;\" class=\"stk-highlight\">Alexandra Vidal &#8211; <\/span><span style=\"color: #ac8968;\" class=\"stk-highlight\">Arquivista respons\u00e1vel pelo servi\u00e7o do arquivo da Vener\u00e1vel Ordem Terceira de S. Francisco do Porto &#8211;<\/span> Acreditar, arquivar e difundir. Os arquivos religiosos e os direitos humanos. O caso do arquivo da Igreja Lusitana (comunh\u00e3o anglicana de Portugal)<\/strong><\/p>\n\n\n\n<p class=\"has-text-align-center has-medium-font-size\" data-block-type=\"core\"><strong><span style=\"color: #fcb900;\" class=\"stk-highlight\">11:20<\/span><\/strong><br><strong><span style=\"color: #865d36;\" class=\"stk-highlight\">DEBATE<\/span><\/strong><\/p>\n\n\n\n<div class=\"wp-block-stackable-text stk-block-text stk-block stk-3f7a583\" data-block-id=\"3f7a583\"><style>.stk-3f7a583 {margin-bottom:0px !important;}<\/style><p class=\"stk-block-text__text has-text-align-center\"><strong><span style=\"color: #fcb900;\" class=\"stk-highlight\">11: 35<\/span><\/strong><\/p><\/div>\n\n\n\n<p class=\"has-text-align-center has-medium-font-size\" data-block-type=\"core\"><strong><span style=\"color: #0f0e17;\" class=\"stk-highlight\">INTERVALO<\/span><\/strong><\/p>\n\n\n\n<p class=\"has-large-font-size\" data-block-type=\"core\"><strong><span style=\"color: #ac8968;\" class=\"stk-highlight\">Sess\u00e3o de apresenta\u00e7\u00e3o de posters ou comunica\u00e7\u00f5es:<\/span><\/strong><\/p>\n\n\n\n<p class=\"has-text-align-center\" data-block-type=\"core\"><span style=\"color: #0f0e17;\" class=\"stk-highlight\"><span style=\"color: #0f0e17;\" class=\"stk-highlight\"><strong>Modera\u00e7\u00e3o: In\u00eas Braga<\/strong><\/span><\/span><\/p>\n\n\n\n<p class=\"has-medium-font-size\" data-block-type=\"core\"><strong><span style=\"color: #fcb900;\" class=\"stk-highlight\">11:45<\/span><\/strong><\/p>\n\n\n\n<p class=\"has-medium-font-size\" data-block-type=\"core\"><strong><span style=\"color: #ff6900;\" class=\"stk-highlight\">Dilema do direito ao esquecimento<\/span><\/strong><br><span style=\"color: #ac8968;\" class=\"stk-highlight\">In\u00eas Afonso<br>Rui Sequeira<br>Ana Baltarejo<\/span><\/p>\n\n\n\n<p class=\"has-medium-font-size\" data-block-type=\"core\"><strong><span style=\"color: #fcb900;\" class=\"stk-highlight\">11:55<\/span><\/strong><\/p>\n\n\n\n<p class=\"has-medium-font-size\" data-block-type=\"core\"><strong><span style=\"color: #ff6900;\" class=\"stk-highlight\">Gest\u00e3o da informa\u00e7\u00e3o sens\u00edvel na era digital<\/span><\/strong><br><span style=\"color: #ac8968;\" class=\"stk-highlight\">Fabiana Teniz<br>Maria Barbosa<\/span><\/p>\n\n\n\n<p class=\"has-medium-font-size\" data-block-type=\"core\"><strong><span style=\"color: #fcb900;\" class=\"stk-highlight\">12:05<\/span><\/strong><\/p>\n\n\n\n<p class=\"has-medium-font-size\" data-block-type=\"core\"><strong><span style=\"color: #ff6900;\" class=\"stk-highlight\">Identidade digital nas redes sociais, informa\u00e7\u00e3o sens\u00edvel e perigos<\/span><\/strong><br><span style=\"color: #ac8968;\" class=\"stk-highlight\">Mariana Vasconcelos<br>Lara Barbosa<br>Sim\u00e3o Monteiro<\/span><\/p>\n\n\n\n<p class=\"has-medium-font-size\" data-block-type=\"core\"><strong><span style=\"color: #fcb900;\" class=\"stk-highlight\">12:15<\/span><\/strong><\/p>\n\n\n\n<p class=\"has-medium-font-size\" data-block-type=\"core\"><strong><span style=\"color: #ff6900;\" class=\"stk-highlight\">A \u00e9tica na gest\u00e3o da informa\u00e7\u00e3o sens\u00edvel: desafios e boas pr\u00e1ticas<\/span><\/strong><br><span style=\"color: #ac8968;\" class=\"stk-highlight\">Maria Clara Ribeiro<br>Jo\u00e3o Botelho<br>Bruna Costa<\/span><br><br><strong><span style=\"color: #fcb900;\" class=\"stk-highlight\">12:25<\/span><\/strong><br><br><strong><span style=\"color: #ff6900;\" class=\"stk-highlight\">O impacto da desatualiza\u00e7\u00e3o tecnol\u00f3gica na prote\u00e7\u00e3o da informa\u00e7\u00e3o sens\u00edvel<\/span><\/strong><br><span style=\"color: #ac8968;\" class=\"stk-highlight\">Magna Souza<br>Carolina Silva<br>Lara Fonseca<\/span><br><br><strong><span style=\"color: #fcb900;\" class=\"stk-highlight\">12:35<\/span><\/strong><\/p>\n\n\n\n<p class=\"has-medium-font-size\" data-block-type=\"core\"><strong><span style=\"color: #ff6900;\" class=\"stk-highlight\">Entre a \u00e1gua e a mem\u00f3ria: desafios da gest\u00e3o documental nas enchentes do Rio Grande do Sul (2024)<\/span><\/strong><br><span style=\"color: #ac8968;\" class=\"stk-highlight\">Bruna Torman Reseres Fran\u00e7a<\/span><\/p>\n\n\n\n<p class=\"has-medium-font-size\" data-block-type=\"core\"><strong><span style=\"color: #fcb900;\" class=\"stk-highlight\">12:45<\/span><\/strong><br><br><strong><span style=\"color: #ff6900;\" class=\"stk-highlight\">A influ\u00eancia das redes sociais na distor\u00e7\u00e3o da mem\u00f3ria coletiva digital<\/span><\/strong><br><span style=\"color: #ac8968;\" class=\"stk-highlight\">Ana Sofia Martins<br>Catarina Cruz<\/span><\/p>\n\n\n\n<p class=\"has-medium-font-size\" data-block-type=\"core\"><strong><span style=\"color: #fcb900;\" class=\"stk-highlight\">12:55<\/span><\/strong><\/p>\n\n\n\n<p class=\"has-medium-font-size\" data-block-type=\"core\"><strong><span style=\"color: #ff6900;\" class=\"stk-highlight\">Mem\u00f3ria coletiva e intelig\u00eancia artificial<\/span><\/strong><br><span style=\"color: #ac8968;\" class=\"stk-highlight\">Bruna Melo<\/span><\/p>\n\n\n\n<p class=\"has-medium-font-size\" data-block-type=\"core\"><strong><span style=\"color: #fcb900;\" class=\"stk-highlight\">13:05<\/span><\/strong><\/p>\n\n\n\n<p class=\"has-medium-font-size\" data-block-type=\"core\"><strong><span style=\"color: #ff6900;\" class=\"stk-highlight\">Ciberseguran\u00e7a: consciencializa\u00e7\u00e3o e impacto da intelig\u00eancia artificial<\/span><\/strong><br><span style=\"color: #ac8968;\" class=\"stk-highlight\">Rita Lima<span style=\"color: #ac8968;\" class=\"stk-highlight\"><strong><br><\/strong><\/span>Sofia Rebelo<\/span><\/p>\n\n\n\n<p class=\"has-text-align-center has-medium-font-size\" data-block-type=\"core\"><strong><span style=\"color: #fcb900;\" class=\"stk-highlight\">13:15<\/span><\/strong><br><strong><span style=\"color: #0f0e17;\" class=\"stk-highlight\">ALMO\u00c7O<\/span><\/strong><\/p>\n\n\n\n<p class=\"has-large-font-size\" data-block-type=\"core\"><strong><span style=\"color: #ac8968;\" class=\"stk-highlight\">Sess\u00e3o d<\/span><\/strong><span style=\"color: #ac8968;\" class=\"stk-highlight\"><strong>e apresenta\u00e7\u00e3o de trabalhos:<\/strong><\/span><\/p>\n\n\n\n<p class=\"has-text-align-center has-medium-font-size\" data-block-type=\"core\"><span style=\"color: #0f0e17;\" class=\"stk-highlight\"><strong>Modera\u00e7\u00e3o: R\u00faben Folha<\/strong><\/span><\/p>\n\n\n\n<div class=\"wp-block-stackable-text stk-block-text stk-block stk-e38d5ab\" data-block-id=\"e38d5ab\"><style>.stk-e38d5ab {margin-bottom:0px !important;}.stk-e38d5ab .stk-block-text__text{font-size:var(--stk--preset--font-size--medium, 20px) !important;}@media screen and (max-width:999px){.stk-e38d5ab .stk-block-text__text{font-size:var(--stk--preset--font-size--medium, 20px) !important;}}<\/style><p class=\"stk-block-text__text\"><strong><span style=\"color: #fcb900;\" class=\"stk-highlight\">14:15<\/span><\/strong><\/p><\/div>\n\n\n\n<p class=\"has-medium-font-size\" data-block-type=\"core\"><strong>Grupo 1 \u2013 Intelig\u00eancia artificial e riscos na manipula\u00e7\u00e3o da mem\u00f3ria institucional e mem\u00f3ria coletiva<\/strong><\/p>\n\n\n\n<p style=\"font-size:clamp(14px, 0.875rem + ((1vw - 3.2px) * 0.156), 16px);\" data-block-type=\"core\"><span style=\"color: #865d36;\" class=\"stk-highlight\">Anabela Carvalho<br>Carla Ara\u00fajo<br>Duarte Moreira<br>Maria Caetano<br>Ano Fernandes<\/span><\/p>\n\n\n\n<p class=\"has-medium-font-size\" data-block-type=\"core\"><br><strong><span style=\"color: #fcb900;\" class=\"stk-highlight\">14:25<\/span><\/strong><br><strong><span style=\"color: var(--theme-palette-color-9, CT_CSS_SKIP_RULE);\" class=\"stk-highlight\">Grupo 2 \u2013 Mem\u00f3ria coletiva e preserva\u00e7\u00e3o digital: Impacto da obsolesc\u00eancia tecnol\u00f3gica<\/span><\/strong><\/p>\n\n\n\n<p style=\"font-size:clamp(14px, 0.875rem + ((1vw - 3.2px) * 0.156), 16px);\" data-block-type=\"core\"><span style=\"color: #865d36;\" class=\"stk-highlight\">Rafaela Amaral<br>Sofia Lin<br>Ricardo Sousa<br>Rui Sousa<br>Lu\u00eds Morais<\/span><\/p>\n\n\n\n<div class=\"wp-block-stackable-spacer stk-block-spacer stk--no-padding stk-block stk-77181fd\" data-block-id=\"77181fd\"><style>.stk-77181fd {height:18px !important;}<\/style><\/div>\n\n\n\n<p class=\"has-medium-font-size\" data-block-type=\"core\"><strong><span style=\"color: #ac8968;\" class=\"stk-highlight\"><strong><span style=\"color: #fcb900;\" class=\"stk-highlight\">14:35<\/span><\/strong><\/span><\/strong><br><strong><span style=\"color: var(--theme-palette-color-9, CT_CSS_SKIP_RULE);\" class=\"stk-highlight\">Grupo 3 &#8211; Preserva\u00e7\u00e3o da Informa\u00e7\u00e3o Sens\u00edvel na Constru\u00e7\u00e3o da Mem\u00f3ria Coletiva<\/span><\/strong><\/p>\n\n\n\n<p style=\"font-size:clamp(14px, 0.875rem + ((1vw - 3.2px) * 0.156), 16px);\" data-block-type=\"core\"><span style=\"color: #865d36;\" class=\"stk-highlight\">Jo\u00e3o Carvalho<br>Tom\u00e1s Santos<br>Rodrigo Saraiva<br>Afonso Campota<\/span><\/p>\n\n\n\n<p data-block-type=\"core\"><\/p>\n\n\n\n<p class=\"has-medium-font-size\" data-block-type=\"core\"><br><strong><span style=\"color: #fcb900;\" class=\"stk-highlight\">14:45<\/span><\/strong><br><strong><span style=\"color: var(--theme-palette-color-9, CT_CSS_SKIP_RULE);\" class=\"stk-highlight\">Grupo 4 \u2013 Preserva\u00e7\u00e3o \u00c9tica de Dados Sens\u00edveis em Arquivos Digitais: Mem\u00f3ria Coletiva, Direitos Humanos e Intelig\u00eancia Artificial<\/span><\/strong><\/p>\n\n\n\n<p style=\"font-size:clamp(14px, 0.875rem + ((1vw - 3.2px) * 0.156), 16px);\" data-block-type=\"core\"><span style=\"color: #865d36;\" class=\"stk-highlight\">Catarina Gon\u00e7alves<br>Francisca Carvalho<br>Jorge Martins<br>Pedro Oliveira<\/span><br><\/p>\n\n\n\n<p class=\"has-medium-font-size\" data-block-type=\"core\"><br><strong><span style=\"color: #fcb900;\" class=\"stk-highlight\">14:55<\/span><\/strong><br><span style=\"color: var(--theme-palette-color-9, CT_CSS_SKIP_RULE);\" class=\"stk-highlight\"><strong>Grupo 5 &#8211; Desinforma\u00e7\u00e3o na Mem\u00f3ria Coletiva<\/strong><\/span><\/p>\n\n\n\n<p style=\"font-size:clamp(14px, 0.875rem + ((1vw - 3.2px) * 0.156), 16px);\" data-block-type=\"core\"><span style=\"color: #865d36;\" class=\"stk-highlight\">In\u00eas Dias<br>Lara Rodrigues<br>Erica Silva<br>No\u00e9mia Quicanga<br>Gabriel Couto<\/span><\/p>\n\n\n\n<p data-block-type=\"core\"><\/p>\n\n\n\n<p class=\"has-medium-font-size\" data-block-type=\"core\"><span style=\"color: #fcb900;\" class=\"stk-highlight\"><strong>15:15<\/strong><\/span><\/p>\n\n\n\n<p class=\"has-text-align-left has-large-font-size\" data-block-type=\"core\"><span style=\"color: #ac8968;\" class=\"stk-highlight\"><strong>Sess\u00e3o de Encerramento<\/strong><\/span><\/p>\n\n\n\n<p class=\"has-text-align-left has-medium-font-size\" data-block-type=\"core\"><strong><span style=\"color: #865d36;\" class=\"stk-highlight\">Prof. Doutora Milena Carvalho<\/span><\/strong><\/p>\n\n\n\n<p data-block-type=\"core\"><\/p>\n","protected":false},"excerpt":{"rendered":"<p>XIX Encontro Internacional de CTDI &#8211; Informa\u00e7\u00e3o Sens\u00edvel e Mem\u00f3ria Coletiva: Gest\u00e3o, Preserva\u00e7\u00e3o e Responsabilidade 09:10 Sess\u00e3o de Abertura Interven\u00e7\u00f5es: \u00b7&nbsp;Diretora da Licenciatura em CTDI \u2013&nbsp;Prof. Doutora Milena Carvalho \u00b7&nbsp;Presidente da Associa\u00e7\u00e3o de Estudantes do ISCAP&nbsp;\u2013&nbsp;Diogo Silva \u00b7&nbsp;Presidente do Conselho Pedag\u00f3gico \u2013&nbsp;Prof. Doutora Suzana Noronha \u00b7&nbsp;Coordenador da \u00c1rea Cient\u00edfica de Sistemas de Informa\u00e7\u00e3o \u2013&nbsp;Prof. Doutor [&hellip;]<\/p>\n","protected":false},"author":1,"featured_media":0,"parent":0,"menu_order":0,"comment_status":"closed","ping_status":"closed","template":"","meta":{"pgc_sgb_lightbox_settings":"","_themeisle_gutenberg_block_has_review":false,"footnotes":""},"class_list":["post-1482","page","type-page","status-publish","hentry"],"blocksy_meta":[],"_links":{"self":[{"href":"https:\/\/www.iscap.pt\/conferencias\/XIX-EncontroCTDI25\/wp-json\/wp\/v2\/pages\/1482","targetHints":{"allow":["GET"]}}],"collection":[{"href":"https:\/\/www.iscap.pt\/conferencias\/XIX-EncontroCTDI25\/wp-json\/wp\/v2\/pages"}],"about":[{"href":"https:\/\/www.iscap.pt\/conferencias\/XIX-EncontroCTDI25\/wp-json\/wp\/v2\/types\/page"}],"author":[{"embeddable":true,"href":"https:\/\/www.iscap.pt\/conferencias\/XIX-EncontroCTDI25\/wp-json\/wp\/v2\/users\/1"}],"replies":[{"embeddable":true,"href":"https:\/\/www.iscap.pt\/conferencias\/XIX-EncontroCTDI25\/wp-json\/wp\/v2\/comments?post=1482"}],"version-history":[{"count":78,"href":"https:\/\/www.iscap.pt\/conferencias\/XIX-EncontroCTDI25\/wp-json\/wp\/v2\/pages\/1482\/revisions"}],"predecessor-version":[{"id":1571,"href":"https:\/\/www.iscap.pt\/conferencias\/XIX-EncontroCTDI25\/wp-json\/wp\/v2\/pages\/1482\/revisions\/1571"}],"wp:attachment":[{"href":"https:\/\/www.iscap.pt\/conferencias\/XIX-EncontroCTDI25\/wp-json\/wp\/v2\/media?parent=1482"}],"curies":[{"name":"wp","href":"https:\/\/api.w.org\/{rel}","templated":true}]}}