{"id":659,"date":"2024-04-16T10:18:45","date_gmt":"2024-04-16T10:18:45","guid":{"rendered":"https:\/\/www.iscap.pt\/gaie\/?page_id=659"},"modified":"2024-04-22T08:51:23","modified_gmt":"2024-04-22T08:51:23","slug":"cnappes-24-keynote-speakers","status":"publish","type":"page","link":"https:\/\/www.iscap.pt\/gaie\/cnappes-24-keynote-speakers\/","title":{"rendered":"CNaPPES.24 &#8211; Keynote Speakers #1"},"content":{"rendered":"\n<div class=\"wp-block-columns has-ast-global-color-4-background-color has-background is-layout-flex wp-container-core-columns-is-layout-28f84493 wp-block-columns-is-layout-flex\">\n<div class=\"wp-block-column is-layout-flow wp-block-column-is-layout-flow\" style=\"flex-basis:33.33%\">\n<figure class=\"wp-block-image size-large\"><img loading=\"lazy\" decoding=\"async\" width=\"1024\" height=\"1024\" src=\"https:\/\/www.iscap.pt\/gaie\/wp-content\/uploads\/2024\/04\/logo_24_150-01-1024x1024.png\" alt=\"\" class=\"wp-image-660\" srcset=\"https:\/\/www.iscap.pt\/gaie\/wp-content\/uploads\/2024\/04\/logo_24_150-01-1024x1024.png 1024w, https:\/\/www.iscap.pt\/gaie\/wp-content\/uploads\/2024\/04\/logo_24_150-01-300x300.png 300w, https:\/\/www.iscap.pt\/gaie\/wp-content\/uploads\/2024\/04\/logo_24_150-01-150x150.png 150w, https:\/\/www.iscap.pt\/gaie\/wp-content\/uploads\/2024\/04\/logo_24_150-01-768x768.png 768w, https:\/\/www.iscap.pt\/gaie\/wp-content\/uploads\/2024\/04\/logo_24_150-01-1536x1536.png 1536w, https:\/\/www.iscap.pt\/gaie\/wp-content\/uploads\/2024\/04\/logo_24_150-01-2048x2048.png 2048w\" sizes=\"auto, (max-width: 1024px) 100vw, 1024px\" \/><\/figure>\n<\/div>\n\n\n\n<div class=\"wp-block-column has-ast-global-color-4-background-color has-background is-layout-flow wp-block-column-is-layout-flow\" style=\"flex-basis:66.66%\">\n<h2 class=\"wp-block-heading has-text-align-center has-ast-global-color-4-background-color has-background\"><strong><strong>A forma\u00e7\u00e3o pedag\u00f3gica dos docentes do ensino superior: \u201c\u00e1gua mole em pedra dura tanto bate at\u00e9 que fura\u201d<\/strong><\/strong><\/h2>\n\n\n\n<hr class=\"wp-block-separator has-alpha-channel-opacity\"\/>\n\n\n\n<p class=\"has-text-align-left has-ast-global-color-4-background-color has-background\"><em>A forma\u00e7\u00e3o pedag\u00f3gica dos professores, nomeadamente os do ensino superior, \u00e9 hoje considerada um dos pilares do desenvolvimento profissional destes docentes. Com efeito, a capacidade de ensinar e o impacto que um ensino eficaz tem nas aprendizagens e na viv\u00eancia dos estudantes, est\u00e1 amplamente comprovado, embora o seu reconhecimento efetivo ainda seja assunto de discuss\u00e3o, em muitas das nossas institui\u00e7\u00f5es do ensino superior<\/em>. <em>Fiel ao esp\u00edrito do CNAPPES, pretende-se enquadrar e partilhar a experi\u00eancia intensamente vivida, ao longo dos anos, no dom\u00ednio da pedagogia e da forma\u00e7\u00e3o pedag\u00f3gica dos docentes do ensino superior, em diferentes institui\u00e7\u00f5es, com fun\u00e7\u00f5es distintas e em formatos diversos.<\/em><\/p>\n\n\n\n<p class=\"has-text-align-left has-ast-global-color-4-background-color has-background has-small-font-size\"><strong>Patr\u00edcia Rosado Pinto<\/strong> foi Pr\u00f3-Reitora da Universidade Nova de Lisboa e Coordenadora da &#8220;NOVA Forma&#8221;, plataforma estrat\u00e9gica que agrega a NOVA Escola Doutoral e os gabinetes NOVA Inova\u00e7\u00e3o Pedag\u00f3gica e NOVA Edu_ Digital. \u00c9 doutorada em Ci\u00eancias da Educa\u00e7\u00e3o e, antes de exercer fun\u00e7\u00f5es na Reitoria da NOVA, foi Diretora do Gabinete de Educa\u00e7\u00e3o M\u00e9dica, na NOVA Medical School, sendo respons\u00e1vel pelo apoio pedag\u00f3gico aos docentes desta escola. Tem estado envolvida em diversos programas, nacionais e internacionais, de forma\u00e7\u00e3o pedag\u00f3gica de docentes e de consultoria educativa. As suas \u00e1reas de interesse e de publica\u00e7\u00e3o s\u00e3o a Educa\u00e7\u00e3o M\u00e9dica e o Ensino e Aprendizagem no Ensino Superior, nomeadamente no que diz respeito \u00e0 forma\u00e7\u00e3o de docentes. Est\u00e1, presentemente, aposentada.<\/p>\n<\/div>\n<\/div>\n","protected":false},"excerpt":{"rendered":"<p>A forma\u00e7\u00e3o pedag\u00f3gica dos docentes do ensino superior: \u201c\u00e1gua mole em pedra dura tanto bate at\u00e9 que fura\u201d A forma\u00e7\u00e3o pedag\u00f3gica dos professores, nomeadamente os do ensino superior, \u00e9 hoje considerada um dos pilares do desenvolvimento profissional destes docentes. Com efeito, a capacidade de ensinar e o impacto que um ensino eficaz tem nas aprendizagens [&hellip;]<\/p>\n","protected":false},"author":1,"featured_media":0,"parent":0,"menu_order":0,"comment_status":"closed","ping_status":"closed","template":"","meta":{"_uag_custom_page_level_css":"","site-sidebar-layout":"default","site-content-layout":"","ast-site-content-layout":"default","site-content-style":"default","site-sidebar-style":"default","ast-global-header-display":"","ast-banner-title-visibility":"","ast-main-header-display":"","ast-hfb-above-header-display":"","ast-hfb-below-header-display":"","ast-hfb-mobile-header-display":"","site-post-title":"disabled","ast-breadcrumbs-content":"","ast-featured-img":"","footer-sml-layout":"","theme-transparent-header-meta":"","adv-header-id-meta":"","stick-header-meta":"","header-above-stick-meta":"","header-main-stick-meta":"","header-below-stick-meta":"","astra-migrate-meta-layouts":"set","ast-page-background-enabled":"default","ast-page-background-meta":{"desktop":{"background-color":"var(--ast-global-color-4)","background-image":"","background-repeat":"repeat","background-position":"center center","background-size":"auto","background-attachment":"scroll","background-type":"","background-media":"","overlay-type":"","overlay-color":"","overlay-opacity":"","overlay-gradient":""},"tablet":{"background-color":"","background-image":"","background-repeat":"repeat","background-position":"center center","background-size":"auto","background-attachment":"scroll","background-type":"","background-media":"","overlay-type":"","overlay-color":"","overlay-opacity":"","overlay-gradient":""},"mobile":{"background-color":"","background-image":"","background-repeat":"repeat","background-position":"center center","background-size":"auto","background-attachment":"scroll","background-type":"","background-media":"","overlay-type":"","overlay-color":"","overlay-opacity":"","overlay-gradient":""}},"ast-content-background-meta":{"desktop":{"background-color":"var(--ast-global-color-5)","background-image":"","background-repeat":"repeat","background-position":"center center","background-size":"auto","background-attachment":"scroll","background-type":"","background-media":"","overlay-type":"","overlay-color":"","overlay-opacity":"","overlay-gradient":""},"tablet":{"background-color":"var(--ast-global-color-5)","background-image":"","background-repeat":"repeat","background-position":"center center","background-size":"auto","background-attachment":"scroll","background-type":"","background-media":"","overlay-type":"","overlay-color":"","overlay-opacity":"","overlay-gradient":""},"mobile":{"background-color":"var(--ast-global-color-5)","background-image":"","background-repeat":"repeat","background-position":"center center","background-size":"auto","background-attachment":"scroll","background-type":"","background-media":"","overlay-type":"","overlay-color":"","overlay-opacity":"","overlay-gradient":""}},"footnotes":""},"class_list":["post-659","page","type-page","status-publish","hentry"],"uagb_featured_image_src":{"full":false,"thumbnail":false,"medium":false,"medium_large":false,"large":false,"1536x1536":false,"2048x2048":false},"uagb_author_info":{"display_name":"eiag_admin","author_link":"https:\/\/www.iscap.pt\/gaie\/author\/eiag_admin\/"},"uagb_comment_info":0,"uagb_excerpt":"A forma\u00e7\u00e3o pedag\u00f3gica dos docentes do ensino superior: \u201c\u00e1gua mole em pedra dura tanto bate at\u00e9 que fura\u201d A forma\u00e7\u00e3o pedag\u00f3gica dos professores, nomeadamente os do ensino superior, \u00e9 hoje considerada um dos pilares do desenvolvimento profissional destes docentes. Com efeito, a capacidade de ensinar e o impacto que um ensino eficaz tem nas aprendizagens&hellip;","_links":{"self":[{"href":"https:\/\/www.iscap.pt\/gaie\/wp-json\/wp\/v2\/pages\/659","targetHints":{"allow":["GET"]}}],"collection":[{"href":"https:\/\/www.iscap.pt\/gaie\/wp-json\/wp\/v2\/pages"}],"about":[{"href":"https:\/\/www.iscap.pt\/gaie\/wp-json\/wp\/v2\/types\/page"}],"author":[{"embeddable":true,"href":"https:\/\/www.iscap.pt\/gaie\/wp-json\/wp\/v2\/users\/1"}],"replies":[{"embeddable":true,"href":"https:\/\/www.iscap.pt\/gaie\/wp-json\/wp\/v2\/comments?post=659"}],"version-history":[{"count":7,"href":"https:\/\/www.iscap.pt\/gaie\/wp-json\/wp\/v2\/pages\/659\/revisions"}],"predecessor-version":[{"id":685,"href":"https:\/\/www.iscap.pt\/gaie\/wp-json\/wp\/v2\/pages\/659\/revisions\/685"}],"wp:attachment":[{"href":"https:\/\/www.iscap.pt\/gaie\/wp-json\/wp\/v2\/media?parent=659"}],"curies":[{"name":"wp","href":"https:\/\/api.w.org\/{rel}","templated":true}]}}