{"id":24643,"date":"2021-05-24T12:11:30","date_gmt":"2021-05-24T12:11:30","guid":{"rendered":"https:\/\/gustavomonteiro.pt\/wp-gri\/?page_id=24643"},"modified":"2026-02-09T11:26:54","modified_gmt":"2026-02-09T11:26:54","slug":"mobilidade-de-estudos-erasmus","status":"publish","type":"page","link":"https:\/\/www.iscap.pt\/gri\/mobilidade-de-estudos-erasmus\/","title":{"rendered":"Mobilidade de Estudos ERASMUS+"},"content":{"rendered":"\t\t<div data-elementor-type=\"wp-page\" data-elementor-id=\"24643\" class=\"elementor elementor-24643\">\n\t\t\t\t\t\t<section class=\"elementor-section elementor-top-section elementor-element elementor-element-e4037d9 elementor-section-boxed elementor-section-height-default elementor-section-height-default\" data-id=\"e4037d9\" data-element_type=\"section\">\n\t\t\t\t\t\t<div class=\"elementor-container elementor-column-gap-default\">\n\t\t\t\t\t<div class=\"elementor-column elementor-col-100 elementor-top-column elementor-element elementor-element-e7fa463\" data-id=\"e7fa463\" data-element_type=\"column\">\n\t\t\t<div class=\"elementor-widget-wrap elementor-element-populated\">\n\t\t\t\t\t\t<div class=\"elementor-element elementor-element-ba7b7f7 elementor-invisible elementor-widget elementor-widget-heading\" data-id=\"ba7b7f7\" data-element_type=\"widget\" data-settings=\"{&quot;_animation&quot;:&quot;fadeInUp&quot;}\" data-widget_type=\"heading.default\">\n\t\t\t\t<div class=\"elementor-widget-container\">\n\t\t\t<h2 class=\"elementor-heading-title elementor-size-default\">MOBILIDADE DE ESTUDANTES<\/h2>\t\t<\/div>\n\t\t\t\t<\/div>\n\t\t\t\t\t<\/div>\n\t\t<\/div>\n\t\t\t\t\t<\/div>\n\t\t<\/section>\n\t\t\t\t<section class=\"elementor-section elementor-top-section elementor-element elementor-element-c240df3 elementor-section-boxed elementor-section-height-default elementor-section-height-default elementor-invisible\" data-id=\"c240df3\" data-element_type=\"section\" data-settings=\"{&quot;animation&quot;:&quot;fadeInUp&quot;}\">\n\t\t\t\t\t\t<div class=\"elementor-container elementor-column-gap-default\">\n\t\t\t\t\t<div class=\"elementor-column elementor-col-100 elementor-top-column elementor-element elementor-element-4368927\" data-id=\"4368927\" data-element_type=\"column\">\n\t\t\t<div class=\"elementor-widget-wrap elementor-element-populated\">\n\t\t\t\t\t\t<div class=\"elementor-element elementor-element-bfa82a7 elementor-widget elementor-widget-text-editor\" data-id=\"bfa82a7\" data-element_type=\"widget\" data-widget_type=\"text-editor.default\">\n\t\t\t\t<div class=\"elementor-widget-container\">\n\t\t\t\t\t\t\t<h3 style=\"padding-left: 40px;\"><span style=\"color: #8b1e1e;\">1. Objetivos<\/span><\/h3><p>&#8220;O objetivo desta a\u00e7\u00e3o \u00e9 contribuir para criar um Espa\u00e7o Europeu da Educa\u00e7\u00e3o, assim como refor\u00e7ar a liga\u00e7\u00e3o entre a educa\u00e7\u00e3o e a investiga\u00e7\u00e3o, e promover as aptid\u00f5es de pensamento cr\u00edtico dos estudantes de todas as disciplinas e a todos os n\u00edveis (nomeadamente os n\u00edveis de licenciatura, mestrado e doutoramento). A a\u00e7\u00e3o visa tamb\u00e9m promover a empregabilidade, a inclus\u00e3o social, o envolvimento c\u00edvico, a inova\u00e7\u00e3o e a sustentabilidade ambiental na Europa e n\u00e3o s\u00f3, proporcionado a todos os estudantes a oportunidade de estudar ou obter forma\u00e7\u00e3o no estrangeiro no \u00e2mbito dos seus estudos, a fim de:<\/p><ul><li>expor os estudantes a diferentes vis\u00f5es, conhecimentos e m\u00e9todos de ensino e investiga\u00e7\u00e3o, bem como a pr\u00e1ticas profissionais na sua \u00e1rea de estudo;<\/li><li>desenvolver as suas compet\u00eancias transversais, como a comunica\u00e7\u00e3o, a l\u00edngua, a resolu\u00e7\u00e3o de problemas, as compet\u00eancias interculturais e as compet\u00eancias de investiga\u00e7\u00e3o;<\/li><li>desenvolver compet\u00eancias orientadas para o futuro, como as compet\u00eancias digitais, que lhes permitir\u00e3o responder aos desafios do presente e do futuro;<\/li><li>promover o desenvolvimento pessoal, nomeadamente a capacidade de adapta\u00e7\u00e3o a novas situa\u00e7\u00f5es e a autoconfian\u00e7a.&#8221; (In Guia do Programa Erasmus+, p.42.. Obtido de <a href=\"https:\/\/erasmus-plus.ec.europa.eu\/sites\/default\/files\/2021-11\/2022-erasmusplus-programme-guide_pt.pdf\">2022-erasmusplus-programme-guide_pt.pdf (europa.eu)<\/a>)<\/li><\/ul><h3 style=\"padding-left: 40px;\"><span style=\"color: #8b1e1e;\">2. Tipos de Mobilidade\u00a0<\/span><\/h3><p>No \u00e2mbito do programa ERASMUS+ podes realizar uma <strong>mobilidade de estudos ou de est\u00e1gio.<\/strong> Um per\u00edodo de estudo no estrangeiro pode incluir tamb\u00e9m um per\u00edodo de est\u00e1gio (per\u00edodo combinado\u00a0de estudos e de est\u00e1gio).<\/p><p>No \u00e2mbito do novo quadro do programa ERASMUS + 2021-2027, podes realizar:<\/p><ul><li>mobilidade para os pa\u00edses do Programa , pa\u00edses terceiros associados e n\u00e3o associados ao Programa, desde que o ISCAP tenha acordo bilateral com a Instituti\u00e7\u00e3o de Ensino Superior (IES)\/ organiza\u00e7\u00e3o.<\/li><li>mobilidade mista (parcialmente virtual e com um per\u00edodo de mobilidade f\u00edsica entre 5 e 30 dias);<\/li><li>mobilidade de curta dura\u00e7\u00e3o no \u00e2mbito de programa intensivos.<\/li><li>mobilidade e est\u00e1gio, como rec\u00e9m-diplomado (de licenciatura ou mestrado)<\/li><\/ul><h3 style=\"padding-left: 40px;\"><span style=\"color: #8b1e1e;\">3. Elegibilidade<\/span><\/h3><p><em>Estudantes eleg\u00edveis:<\/em><\/p><ul><li>Estudantes inscritos numa IES e matriculados em estudos que conduzam a um diploma reconhecido ou outra qualifica\u00e7\u00e3o de n\u00edvel terci\u00e1rio reconhecida (CTesP, licenciatura, mestrado e doutoramento), com as propinas regularizadas.<\/li><\/ul><p><em>Institui\u00e7\u00f5es eleg\u00edveis (para estudos e mobilidade combinada):<\/em><\/p><ul><li>Institui\u00e7\u00f5es de Ensino Superior parceiras do ISCAP, no \u00e2mbito do Programa ERASMUS+ (<em>vide<\/em>\u00a0<a href=\"https:\/\/gustavomonteiro.pt\/wp-gri\/parceiros-erasmus\/\" target=\"_blank\" rel=\"noopener\">Parcerias<\/a>).<\/li><\/ul><h3 style=\"padding-left: 40px;\"><span style=\"color: #8b1e1e;\">4. Dura\u00e7\u00e3o<\/span><\/h3><p><strong>Por cada ciclo de estudos<\/strong>, podes realizar <strong>at\u00e9 12 meses de mobilidade<\/strong> (incluindo os que realizares como rec\u00e9m-diplomado, em est\u00e1gio).<\/p><p><strong>Para mobilidade de estudos e de est\u00e1gio, o per\u00edodo m\u00ednimo \u00e9 de 2 meses.<\/strong> No entanto, para estudos, ter\u00e1s de realizar um per\u00edodo que te permita obter aproveitamento, para teres reconhecimento ap\u00f3s o teu regresso. Como as unidades curriculares no ISCAP s\u00e3o semestrais, ter\u00e1s de realizar, pelo menos, um semestre de mobilidade. Claro que se for com um parceiro que oferece estudos online, podes realizar um per\u00edodo de mobilidade mista: parcialmente online e parcialmente f\u00edsica.<\/p><p>Se estar um semestre fora n\u00e3o \u00e9 uma op\u00e7\u00e3o, informa-te sobre oportunidades de mobilidade de curta-dura\u00e7\u00e3o (entre 5 e 30 dias).<\/p><p>Se combinares, num semestre, estudos e est\u00e1gio, o per\u00edodo de est\u00e1gio pode ser inferior a 2 meses.<\/p><h3 style=\"padding-left: 40px;\"><span style=\"color: #8b1e1e;\">5. Bolsas de Mobilidade Erasmus +<\/span><\/h3><p>A mobilidade no \u00e2mbito do Programa ERASMUS+ pode ser financiada com uma bolsa, de acordo com a disponibilidade or\u00e7amental do P.PORTO, que funciona como suplemento para cobrir as despesas de desloca\u00e7\u00e3o. N\u00e3o cobre a totalidade das despesas.<\/p><p>A afeta\u00e7\u00e3o das Bolsas de Mobilidade aos estudantes seriados ser\u00e1 feita por ordem decrescente das pr\u00e9-candidaturas seriadas, at\u00e9 ao esgotamento das verbas dispon\u00edveis para o efeito. Poder\u00e3o ser impostas limita\u00e7\u00f5es ao n\u00famero de bolsas por pa\u00edses eleg\u00edveis e o acesso a uma Bolsa de Mobilidade est\u00e1 vedado a candidaturas colocadas num pa\u00eds n\u00e3o eleg\u00edvel nos termos do Programa comunit\u00e1rio de Mobilidade de Estudantes ERASMUS+.<\/p><p>A bolsa \u00e9 atribu\u00edda aos estudantes seriados, ap\u00f3s a assinatura do contrato de mobilidade.<\/p><p>Os estudantes n\u00e3o contemplados com bolsa ERASMUS+ ou contemplados com bolsa para um per\u00edodo de mobilidade inferior ao desejado, podem realizar mobilidade ERASMUS+, com financimento Zero, com os mesmos direitos e deveres.<\/p><p>Os estudantes seriados com menores recursos econ\u00f3micos, designadamente, aqueles que beneficiam de um financiamento dos Servi\u00e7os de A\u00e7\u00e3o Social, e\/ou com necessidades especiais &#8211; que apresentem uma situa\u00e7\u00e3o individual<br \/>f\u00edsica, mental ou de sa\u00fade que n\u00e3o permite a participa\u00e7\u00e3o no Programa sem um suporte<br \/>financeiro adicional, podem candidatar-se a uma bolsa suplementar.<\/p><h3 style=\"padding-left: 40px;\"><span style=\"color: #8b1e1e;\">6. Sobre a Mobilidade de Est\u00e1gio<\/span><\/h3><p>Antes do est\u00e1gio no estrangeiro:<\/p><p>O\/a estagi\u00e1rio\/a, o ISCAP-P.PORTO e a institui\u00e7\u00e3o de acolhimento devem assinar um <a href=\"https:\/\/ec.europa.eu\/programmes\/erasmus-plus\/resources\/documents\/applicants\/learning-agreement_pt\">acordo de aprendizagem<\/a>\u00a0para fins de est\u00e1gio (<a href=\"https:\/\/iscap.pt\/gri\/site\/index.php\/programas\/erasmus\" target=\"_blank\" rel=\"noopener\">Plano de Est\u00e1gio<\/a>).<\/p><p>Nota 1: no caso de est\u00e1gio curricular, deve selecionar-se as op\u00e7\u00f5es &#8220;Give a grade based on: \u00a0\u00a0Final report \u2610\u00a0 \u00a0Interview \u2610&#8221; (esta \u00faltima op\u00e7\u00e3o deve ser selecionada apenas se houver defesa p\u00fablica do relat\u00f3rio de est\u00e1gio). A\u00a0 nota ficar\u00e1, assim, registada no seu hist\u00f3rico acad\u00e9mico e poder\u00e1 tamb\u00e9m constar no Suplemento ao Diploma.<\/p><p>\u00a0Nota 2: no caso de est\u00e1gio extra-curricular, os ECTS\/a nota do est\u00e1gio s\u00e3o registados no Suplemento ao Diploma.<\/p><p>O estagi\u00e1rio deve ler a\u00a0<a href=\"https:\/\/ec.europa.eu\/programmes\/erasmus-plus\/resources\/documents\/applicants\/student-charter_pt\">Carta de Estudante Erasmus+<\/a> , para conhecer os direitos e obriga\u00e7\u00f5es relativamente ao per\u00edodo de est\u00e1gio no estrangeiro.<\/p><p>Ap\u00f3s o est\u00e1gio no estrangeiro:<\/p><ol><li>A organiza\u00e7\u00e3o de acolhimento\/empresa deve enviar ao estagi\u00e1rio e \u00e0 sua institui\u00e7\u00e3o de ensino superior um certificado de est\u00e1gio, normalmente no prazo de cinco semanas ap\u00f3s a conclus\u00e3o do est\u00e1gio.<\/li><li>No caso de se tratar de um est\u00e1gio curricular, o\/a estudante ter\u00e1 de elaborar um relat\u00f3rio de est\u00e1gio, de acordo com o modelo dispon\u00edvel no ISCAP. Nalguns cursos h\u00e1 ainda lugar a defesa p\u00fablica. S\u00f3 depois a nota do est\u00e1gio \u00e9 lan\u00e7ada no seu hist\u00f3rico. No caso de se tratar de um est\u00e1gio extra-curricular, o\/a estudante dever\u00e1 solicitar a inclus\u00e3o do est\u00e1gio no Suplemento ao Diploma.<\/li><li>Se a institui\u00e7\u00e3o de ensino superior de envio estiver estabelecida num pa\u00eds do programa (ERASMUS+ ICM), as informa\u00e7\u00f5es que figuram no certificado de est\u00e1gio s\u00e3o, tamb\u00e9m, no\u00a0<a href=\"http:\/\/ec.europa.eu\/education\/tools\/diploma-supplement_pt.htm\">suplemento ao diploma<\/a>, exceto se o estagi\u00e1rio for um rec\u00e9m-diplomado. Neste caso, o est\u00e1gio pode ser registado no\u00a0<a href=\"https:\/\/europass.cedefop.europa.eu\/pt\/documents\/european-skills-passport\/europass-mobility\">certificado de mobilidade Europass<\/a>\u00a0do\/a estagi\u00e1rio\/a.<\/li><\/ol><h3 style=\"padding-left: 40px;\"><span style=\"color: #8b1e1e;\">7. Direitos e Deveres<\/span><\/h3><p>Conhece-os na\u00a0<u><a href=\"https:\/\/ec.europa.eu\/programmes\/erasmus-plus\/sites\/erasmusplus\/files\/files\/resources\/charterportugal_pt.pdf\">Carta do Estudante ERASMUS+<\/a><\/u>.<\/p><p><em>Para mais informa\u00e7\u00f5es, consulta <a href=\"https:\/\/erasmus-plus.ec.europa.eu\/pt-pt\/opportunities\/individuals\/students\">Students | Erasmus+ (europa.eu)<\/a> e o Gabiinete de Rela\u00e7\u00f5es Internacionais.<\/em><\/p>\t\t\t\t\t\t<\/div>\n\t\t\t\t<\/div>\n\t\t\t\t\t<\/div>\n\t\t<\/div>\n\t\t\t\t\t<\/div>\n\t\t<\/section>\n\t\t\t\t<\/div>\n\t\t","protected":false},"excerpt":{"rendered":"<p>MOBILIDADE DE ESTUDANTES 1. Objetivos &#8220;O objetivo desta a\u00e7\u00e3o \u00e9 contribuir para criar um Espa\u00e7o Europeu da Educa\u00e7\u00e3o, assim como refor\u00e7ar a liga\u00e7\u00e3o entre a educa\u00e7\u00e3o e a investiga\u00e7\u00e3o, e promover as aptid\u00f5es de pensamento cr\u00edtico dos estudantes de todas as disciplinas e a todos os n\u00edveis (nomeadamente os n\u00edveis de licenciatura, mestrado e doutoramento). [&hellip;]<\/p>\n","protected":false},"author":1,"featured_media":0,"parent":0,"menu_order":0,"comment_status":"closed","ping_status":"closed","template":"","meta":{"_eb_attr":"","site-sidebar-layout":"no-sidebar","site-content-layout":"page-builder","ast-site-content-layout":"","site-content-style":"default","site-sidebar-style":"default","ast-global-header-display":"","ast-banner-title-visibility":"","ast-main-header-display":"","ast-hfb-above-header-display":"","ast-hfb-below-header-display":"","ast-hfb-mobile-header-display":"","site-post-title":"disabled","ast-breadcrumbs-content":"","ast-featured-img":"disabled","footer-sml-layout":"","theme-transparent-header-meta":"default","adv-header-id-meta":"","stick-header-meta":"","header-above-stick-meta":"","header-main-stick-meta":"","header-below-stick-meta":"","astra-migrate-meta-layouts":"default","ast-page-background-enabled":"default","ast-page-background-meta":{"desktop":{"background-color":"","background-image":"","background-repeat":"repeat","background-position":"center center","background-size":"auto","background-attachment":"scroll","background-type":"","background-media":"","overlay-type":"","overlay-color":"","overlay-opacity":"","overlay-gradient":""},"tablet":{"background-color":"","background-image":"","background-repeat":"repeat","background-position":"center center","background-size":"auto","background-attachment":"scroll","background-type":"","background-media":"","overlay-type":"","overlay-color":"","overlay-opacity":"","overlay-gradient":""},"mobile":{"background-color":"","background-image":"","background-repeat":"repeat","background-position":"center center","background-size":"auto","background-attachment":"scroll","background-type":"","background-media":"","overlay-type":"","overlay-color":"","overlay-opacity":"","overlay-gradient":""}},"ast-content-background-meta":{"desktop":{"background-color":"var(--ast-global-color-5)","background-image":"","background-repeat":"repeat","background-position":"center center","background-size":"auto","background-attachment":"scroll","background-type":"","background-media":"","overlay-type":"","overlay-color":"","overlay-opacity":"","overlay-gradient":""},"tablet":{"background-color":"var(--ast-global-color-5)","background-image":"","background-repeat":"repeat","background-position":"center center","background-size":"auto","background-attachment":"scroll","background-type":"","background-media":"","overlay-type":"","overlay-color":"","overlay-opacity":"","overlay-gradient":""},"mobile":{"background-color":"var(--ast-global-color-5)","background-image":"","background-repeat":"repeat","background-position":"center center","background-size":"auto","background-attachment":"scroll","background-type":"","background-media":"","overlay-type":"","overlay-color":"","overlay-opacity":"","overlay-gradient":""}},"footnotes":""},"class_list":["post-24643","page","type-page","status-publish","hentry"],"_links":{"self":[{"href":"https:\/\/www.iscap.pt\/gri\/wp-json\/wp\/v2\/pages\/24643","targetHints":{"allow":["GET"]}}],"collection":[{"href":"https:\/\/www.iscap.pt\/gri\/wp-json\/wp\/v2\/pages"}],"about":[{"href":"https:\/\/www.iscap.pt\/gri\/wp-json\/wp\/v2\/types\/page"}],"author":[{"embeddable":true,"href":"https:\/\/www.iscap.pt\/gri\/wp-json\/wp\/v2\/users\/1"}],"replies":[{"embeddable":true,"href":"https:\/\/www.iscap.pt\/gri\/wp-json\/wp\/v2\/comments?post=24643"}],"version-history":[{"count":34,"href":"https:\/\/www.iscap.pt\/gri\/wp-json\/wp\/v2\/pages\/24643\/revisions"}],"predecessor-version":[{"id":26452,"href":"https:\/\/www.iscap.pt\/gri\/wp-json\/wp\/v2\/pages\/24643\/revisions\/26452"}],"wp:attachment":[{"href":"https:\/\/www.iscap.pt\/gri\/wp-json\/wp\/v2\/media?parent=24643"}],"curies":[{"name":"wp","href":"https:\/\/api.w.org\/{rel}","templated":true}]}}