{"id":24649,"date":"2021-05-24T12:13:09","date_gmt":"2021-05-24T12:13:09","guid":{"rendered":"https:\/\/gustavomonteiro.pt\/wp-gri\/?page_id=24649"},"modified":"2026-02-10T12:24:48","modified_gmt":"2026-02-10T12:24:48","slug":"mobilidade-estagios-erasmus","status":"publish","type":"page","link":"https:\/\/www.iscap.pt\/gri\/mobilidade-estagios-erasmus\/","title":{"rendered":"Mobilidade de Est\u00e1gio ERASMUS+"},"content":{"rendered":"\t\t<div data-elementor-type=\"wp-page\" data-elementor-id=\"24649\" class=\"elementor elementor-24649\">\n\t\t\t\t\t\t<section class=\"elementor-section elementor-top-section elementor-element elementor-element-e4037d9 elementor-section-boxed elementor-section-height-default elementor-section-height-default\" data-id=\"e4037d9\" data-element_type=\"section\">\n\t\t\t\t\t\t<div class=\"elementor-container elementor-column-gap-default\">\n\t\t\t\t\t<div class=\"elementor-column elementor-col-100 elementor-top-column elementor-element elementor-element-e7fa463\" data-id=\"e7fa463\" data-element_type=\"column\">\n\t\t\t<div class=\"elementor-widget-wrap elementor-element-populated\">\n\t\t\t\t\t\t<div class=\"elementor-element elementor-element-ba7b7f7 elementor-invisible elementor-widget elementor-widget-heading\" data-id=\"ba7b7f7\" data-element_type=\"widget\" data-settings=\"{&quot;_animation&quot;:&quot;fadeIn&quot;}\" data-widget_type=\"heading.default\">\n\t\t\t\t<div class=\"elementor-widget-container\">\n\t\t\t<h2 class=\"elementor-heading-title elementor-size-default\">\nMOBILIDADE DE PESSOAL DOCENTE E N\u00c3O DOCENTE<\/h2>\t\t<\/div>\n\t\t\t\t<\/div>\n\t\t\t\t\t<\/div>\n\t\t<\/div>\n\t\t\t\t\t<\/div>\n\t\t<\/section>\n\t\t\t\t<section class=\"elementor-section elementor-top-section elementor-element elementor-element-c240df3 elementor-section-boxed elementor-section-height-default elementor-section-height-default elementor-invisible\" data-id=\"c240df3\" data-element_type=\"section\" data-settings=\"{&quot;animation&quot;:&quot;fadeInUp&quot;,&quot;animation_tablet&quot;:&quot;none&quot;}\">\n\t\t\t\t\t\t<div class=\"elementor-container elementor-column-gap-default\">\n\t\t\t\t\t<div class=\"elementor-column elementor-col-100 elementor-top-column elementor-element elementor-element-4368927\" data-id=\"4368927\" data-element_type=\"column\">\n\t\t\t<div class=\"elementor-widget-wrap elementor-element-populated\">\n\t\t\t\t\t\t<div class=\"elementor-element elementor-element-bfa82a7 elementor-widget elementor-widget-text-editor\" data-id=\"bfa82a7\" data-element_type=\"widget\" data-widget_type=\"text-editor.default\">\n\t\t\t\t<div class=\"elementor-widget-container\">\n\t\t\t\t\t\t\t<h3><span style=\"color: #8b1e1e;\">\u00c2mbito<\/span><\/h3><p>A mobilidade de pessoal pode ocorrer a partir de qualquer Pa\u00eds do Programa para qualquer outro Pa\u00eds do Programa ou para qualquer Pa\u00eds Parceiro.<\/p><p>Os membros do pessoal podem realizar qualquer uma das atividades descritas abaixo:<\/p><ul><li><strong>Docentes:<\/strong> um per\u00edodo de ensino no estrangeiro numa institui\u00e7\u00e3o de ensino superior(IES) parceira. O per\u00edodo de ensino no estrangeiro permite que qualquer membro do pessoal docente de uma institui\u00e7\u00e3o de ensino superior ou do pessoal de uma empresa lecione numa institui\u00e7\u00e3o de ensino superior parceira no estrangeiro. A mobilidade de pessoal para fins de ensino pode ocorrer em qualquer \u00e1rea de estudo e exige um acordo bilateral pr\u00e9-existente\u00a0 entre as duas IES.<\/li><li><strong>Docentes e n\u00e3o docentes:<\/strong>\u00a0 um per\u00edodo de forma\u00e7\u00e3o no estrangeiro numa institui\u00e7\u00e3o de ensino superior parceira, numa empresa ou em qualquer outro local de trabalho pertinente. O per\u00edodo de forma\u00e7\u00e3o no estrangeiro permite que qualquer membro do pessoal de uma institui\u00e7\u00e3o de ensino superior participe numa atividade de forma\u00e7\u00e3o no estrangeiro que seja pertinente para o seu trabalho di\u00e1rio na institui\u00e7\u00e3o de ensino superior. Poder\u00e1 assumir a forma de eventos de forma\u00e7\u00e3o (exceto confer\u00eancias e congressos) ou acompanhamento no local de trabalho.<br \/>Um per\u00edodo de mobilidade de pessoal no estrangeiro pode combinar atividades de ensino e de forma\u00e7\u00e3o. Qualquer per\u00edodo de ensino ou de forma\u00e7\u00e3o no estrangeiro poder\u00e1 ser realizado sob a forma de mobilidade mista (parcialmente online e parcialmente f\u00edsica).<\/li><\/ul><p>Uma atividade de mobilidade para ensino ou forma\u00e7\u00e3o pode ocorrer em mais do que uma organiza\u00e7\u00e3o de acolhimento do mesmo pa\u00eds, sendo considerada como um per\u00edodo de ensino ou de forma\u00e7\u00e3o sujeito \u00e0 dura\u00e7\u00e3o m\u00ednima de perman\u00eancia.<\/p><p>O membro do pessoal, a organiza\u00e7\u00e3o de envio e a organiza\u00e7\u00e3o de acolhimento devem assinar um acordo de mobilidade.<\/p><h3><span style=\"color: #8b1e1e;\">Elegibilidade<\/span><\/h3><p><em>Mobilidade para fins de ensino:<\/em><\/p><ul><li>Pessoal que trabalha numa IES de um Pa\u00eds do Programa. <br \/>Pessoal convidado a lecionar numa IES de um Pa\u00eds do Programa, de qualquer\u00a0 empresa que trabalhe num Pa\u00eds do Programa, de uma organiza\u00e7\u00e3o p\u00fablica ou privada (n\u00e3o titular da CEES) ativa no mercado de trabalho ou nos dom\u00ednios da educa\u00e7\u00e3o e forma\u00e7\u00e3o e da juventude, da investiga\u00e7\u00e3o e da inova\u00e7\u00e3o (incluindo doutorandos empregados).<\/li><\/ul><p><em>Mobilidade de pessoal para fins de forma\u00e7\u00e3o:<\/em><\/p><p><span style=\"font-size: 16px;\">Pessoal que trabalha numa\u00a0 Instituti\u00e7\u00e3o de Ensino Superior (IES) de um Pa\u00eds do <\/span>Programa.<\/p><h3><span style=\"color: #8b1e1e;\">Dura\u00e7\u00e3o<\/span><\/h3><p>De 2 dias a 2 meses.<\/p>\t\t\t\t\t\t<\/div>\n\t\t\t\t<\/div>\n\t\t\t\t\t<\/div>\n\t\t<\/div>\n\t\t\t\t\t<\/div>\n\t\t<\/section>\n\t\t\t\t<\/div>\n\t\t","protected":false},"excerpt":{"rendered":"<p>MOBILIDADE DE PESSOAL DOCENTE E N\u00c3O DOCENTE \u00c2mbito A mobilidade de pessoal pode ocorrer a partir de qualquer Pa\u00eds do Programa para qualquer outro Pa\u00eds do Programa ou para qualquer Pa\u00eds Parceiro. Os membros do pessoal podem realizar qualquer uma das atividades descritas abaixo: Docentes: um per\u00edodo de ensino no estrangeiro numa institui\u00e7\u00e3o de ensino [&hellip;]<\/p>\n","protected":false},"author":1,"featured_media":0,"parent":0,"menu_order":0,"comment_status":"closed","ping_status":"closed","template":"","meta":{"_eb_attr":"","site-sidebar-layout":"no-sidebar","site-content-layout":"page-builder","ast-site-content-layout":"","site-content-style":"default","site-sidebar-style":"default","ast-global-header-display":"","ast-banner-title-visibility":"","ast-main-header-display":"","ast-hfb-above-header-display":"","ast-hfb-below-header-display":"","ast-hfb-mobile-header-display":"","site-post-title":"disabled","ast-breadcrumbs-content":"","ast-featured-img":"disabled","footer-sml-layout":"","theme-transparent-header-meta":"default","adv-header-id-meta":"","stick-header-meta":"","header-above-stick-meta":"","header-main-stick-meta":"","header-below-stick-meta":"","astra-migrate-meta-layouts":"default","ast-page-background-enabled":"default","ast-page-background-meta":{"desktop":{"background-color":"","background-image":"","background-repeat":"repeat","background-position":"center center","background-size":"auto","background-attachment":"scroll","background-type":"","background-media":"","overlay-type":"","overlay-color":"","overlay-opacity":"","overlay-gradient":""},"tablet":{"background-color":"","background-image":"","background-repeat":"repeat","background-position":"center center","background-size":"auto","background-attachment":"scroll","background-type":"","background-media":"","overlay-type":"","overlay-color":"","overlay-opacity":"","overlay-gradient":""},"mobile":{"background-color":"","background-image":"","background-repeat":"repeat","background-position":"center center","background-size":"auto","background-attachment":"scroll","background-type":"","background-media":"","overlay-type":"","overlay-color":"","overlay-opacity":"","overlay-gradient":""}},"ast-content-background-meta":{"desktop":{"background-color":"var(--ast-global-color-5)","background-image":"","background-repeat":"repeat","background-position":"center center","background-size":"auto","background-attachment":"scroll","background-type":"","background-media":"","overlay-type":"","overlay-color":"","overlay-opacity":"","overlay-gradient":""},"tablet":{"background-color":"var(--ast-global-color-5)","background-image":"","background-repeat":"repeat","background-position":"center center","background-size":"auto","background-attachment":"scroll","background-type":"","background-media":"","overlay-type":"","overlay-color":"","overlay-opacity":"","overlay-gradient":""},"mobile":{"background-color":"var(--ast-global-color-5)","background-image":"","background-repeat":"repeat","background-position":"center center","background-size":"auto","background-attachment":"scroll","background-type":"","background-media":"","overlay-type":"","overlay-color":"","overlay-opacity":"","overlay-gradient":""}},"footnotes":""},"class_list":["post-24649","page","type-page","status-publish","hentry"],"_links":{"self":[{"href":"https:\/\/www.iscap.pt\/gri\/wp-json\/wp\/v2\/pages\/24649","targetHints":{"allow":["GET"]}}],"collection":[{"href":"https:\/\/www.iscap.pt\/gri\/wp-json\/wp\/v2\/pages"}],"about":[{"href":"https:\/\/www.iscap.pt\/gri\/wp-json\/wp\/v2\/types\/page"}],"author":[{"embeddable":true,"href":"https:\/\/www.iscap.pt\/gri\/wp-json\/wp\/v2\/users\/1"}],"replies":[{"embeddable":true,"href":"https:\/\/www.iscap.pt\/gri\/wp-json\/wp\/v2\/comments?post=24649"}],"version-history":[{"count":16,"href":"https:\/\/www.iscap.pt\/gri\/wp-json\/wp\/v2\/pages\/24649\/revisions"}],"predecessor-version":[{"id":26653,"href":"https:\/\/www.iscap.pt\/gri\/wp-json\/wp\/v2\/pages\/24649\/revisions\/26653"}],"wp:attachment":[{"href":"https:\/\/www.iscap.pt\/gri\/wp-json\/wp\/v2\/media?parent=24649"}],"curies":[{"name":"wp","href":"https:\/\/api.w.org\/{rel}","templated":true}]}}