{"id":200,"date":"2023-03-10T15:03:20","date_gmt":"2023-03-10T15:03:20","guid":{"rendered":"https:\/\/www.iscap.pt\/rulescoop2023\/?page_id=200"},"modified":"2023-05-02T10:38:30","modified_gmt":"2023-05-02T10:38:30","slug":"inscripciones","status":"publish","type":"page","link":"https:\/\/www.iscap.pt\/rulescoop2023\/es\/inscripciones\/","title":{"rendered":"Inscripciones y alojamiento"},"content":{"rendered":"\n<p>Utiliza el <a rel=\"noreferrer noopener\" href=\"https:\/\/docs.google.com\/forms\/d\/e\/1FAIpQLSd2SaeOaB-DTd4N0Hx81EVeCuLN6hA4txcEw0U_ioAbNh2opA\/viewform\" target=\"_blank\">formulario de inscripci\u00f3n<\/a> para hacer u inscripci\u00f3n.<\/p>\n\n\n\n<p>No se aceptar\u00e1n inscripciones por correo electr\u00f3nico. <\/p>\n\n\n\n<p>Despu\u00e9s de realizar el pago, env\u00ede un comprobante de pago a la direcci\u00f3n de correo electr\u00f3nico <a href=\"mailto:rulescoop.iscap@iscap.ipp.pt\">rulescoop.iscap@iscap.ipp.pt<\/a>.<\/p>\n\n\n\n<div style=\"height:10px\" aria-hidden=\"true\" class=\"wp-block-spacer\"><\/div>\n\n\n\n<p><strong>Custos de inscripci\u00f3n<\/strong><\/p>\n\n\n\n<div style=\"height:3px\" aria-hidden=\"true\" class=\"wp-block-spacer\"><\/div>\n\n\n\n<figure class=\"wp-block-table\"><table><tbody><tr><td><\/td><td><strong>Hasta el 15 de abril<\/strong><strong> <\/strong><strong><em>(Early bird)<\/em><\/strong><\/td><td><strong>Despues del 15 de abril<\/strong><\/td><\/tr><tr><td>Autores<\/td><td>150 \u20ac<\/td><td>150 \u20ac<\/td><\/tr><tr><td>Investigadores CEOS.PP<\/td><td>100 \u20ac<\/td><td>150 \u20ac<\/td><\/tr><tr><td>Representantes de RulesCOOP<\/td><td>Gratuito<\/td><td>Gratuito<\/td><\/tr><tr><td>Estudiantes deI ISCAP con paper<\/td><td>Gratuito<\/td><td>Gratuito<\/td><\/tr><tr><td>Otros estudiantes con paper<\/td><td>50 \u20ac<\/td><td>50 \u20ac<\/td><\/tr><tr><td>Estudiantes de ISCAP sin paper<\/td><td>30 \u20ac<\/td><td>50 \u20ac<\/td><\/tr><tr><td>Otros Estudiantes sin paper<\/td><td>75 \u20ac<\/td><td>100 \u20ac<\/td><\/tr><tr><td>Otros participantes sin paper<\/td><td>100 \u20ac<\/td><td>150 \u20ac<\/td><\/tr><\/tbody><\/table><\/figure>\n\n\n\n<div style=\"height:11px\" aria-hidden=\"true\" class=\"wp-block-spacer\"><\/div>\n\n\n\n<p class=\"has-large-font-size\"><mark style=\"background-color:rgba(0, 0, 0, 0);color:#06af93\" class=\"has-inline-color\">Cena y\/o inscripci\u00f3n en el programa social<\/mark><\/p>\n\n\n\n<p>Las inscripciones deben realizarse en este <a rel=\"noreferrer noopener\" href=\"https:\/\/docs.google.com\/forms\/d\/e\/1FAIpQLSeEd_SRum2wvWad0QpbGqqeSIoJT3FzEDo1SiMYneUROSRaDg\/viewform\" target=\"_blank\">formulario<\/a>.<br>No se aceptar\u00e1n inscripciones por correo electr\u00f3nico.<\/p>\n\n\n\n<div style=\"height:4px\" aria-hidden=\"true\" class=\"wp-block-spacer\"><\/div>\n\n\n\n<p>Despu\u00e9s de realizar el pago, env\u00ede el comprobante de pago al correo electr\u00f3nico <a href=\"mailto:rulescoop.iscap@iscap.ipp.pt\">rulescoop.iscap@iscap.ipp.pt<\/a>.<\/p>\n\n\n\n<div style=\"height:14px\" aria-hidden=\"true\" class=\"wp-block-spacer\"><\/div>\n\n\n\n<p class=\"has-large-font-size\"><mark style=\"background-color:rgba(0, 0, 0, 0);color:#085983\" class=\"has-inline-color\">Alojamiento<\/mark><\/p>\n\n\n\n<div style=\"height:4px\" aria-hidden=\"true\" class=\"wp-block-spacer\"><\/div>\n\n\n\n<p class=\"has-medium-font-size\"><mark style=\"background-color:rgba(0, 0, 0, 0);color:#2ed2cd\" class=\"has-inline-color\"><a href=\"https:\/\/www.axishoteis.com\/pt\/axis-porto.html\">AXIS PORTO BUSINESS &amp; SPA HOTEL ****<\/a><\/mark><\/p>\n\n\n\n<figure class=\"wp-block-image size-full is-resized\"><a href=\"https:\/\/www.axishoteis.com\/pt\/axis-porto.html\" target=\"_blank\" rel=\"noreferrer noopener\"><img loading=\"lazy\" decoding=\"async\" src=\"https:\/\/www.iscap.pt\/rulescoop2023\/wp-content\/uploads\/2023\/04\/Axis-1.jpg\" alt=\"\" class=\"wp-image-356\" width=\"650\" height=\"582\" srcset=\"https:\/\/www.iscap.pt\/rulescoop2023\/wp-content\/uploads\/2023\/04\/Axis-1.jpg 1000w, https:\/\/www.iscap.pt\/rulescoop2023\/wp-content\/uploads\/2023\/04\/Axis-1-300x269.jpg 300w, https:\/\/www.iscap.pt\/rulescoop2023\/wp-content\/uploads\/2023\/04\/Axis-1-768x688.jpg 768w\" sizes=\"auto, (max-width: 650px) 100vw, 650px\" \/><\/a><\/figure>\n\n\n\n<div style=\"height:5px\" aria-hidden=\"true\" class=\"wp-block-spacer\"><\/div>\n\n\n\n<p><mark style=\"background-color:rgba(0, 0, 0, 0);color:#2ed2cd\" class=\"has-inline-color\"><a href=\"https:\/\/hotelmoov.com\/hoteis\/porto\/hotel-moov-porto-norte\/\">MOOV Hotel Porto Norte **<\/a><\/mark><\/p>\n\n\n\n<figure class=\"wp-block-gallery has-nested-images columns-default is-cropped wp-block-gallery-1 is-layout-flex wp-block-gallery-is-layout-flex\">\n<figure class=\"wp-block-image size-large\"><a href=\"https:\/\/hotelmoov.com\/hoteis\/porto\/hotel-moov-porto-norte\/\" target=\"_blank\" rel=\"noreferrer noopener\"><img loading=\"lazy\" decoding=\"async\" width=\"1024\" height=\"550\" data-id=\"362\" src=\"https:\/\/www.iscap.pt\/rulescoop2023\/wp-content\/uploads\/2023\/04\/moov-1.png\" alt=\"\" class=\"wp-image-362\" srcset=\"https:\/\/www.iscap.pt\/rulescoop2023\/wp-content\/uploads\/2023\/04\/moov-1.png 1024w, https:\/\/www.iscap.pt\/rulescoop2023\/wp-content\/uploads\/2023\/04\/moov-1-300x161.png 300w, https:\/\/www.iscap.pt\/rulescoop2023\/wp-content\/uploads\/2023\/04\/moov-1-768x413.png 768w\" sizes=\"auto, (max-width: 1024px) 100vw, 1024px\" \/><\/a><\/figure>\n<\/figure>\n\n\n\n<div style=\"height:5px\" aria-hidden=\"true\" class=\"wp-block-spacer\"><\/div>\n\n\n\n<p><mark style=\"background-color:rgba(0, 0, 0, 0);color:#2ed2cd\" class=\"has-inline-color\"><a href=\"https:\/\/www.ihg.com\/holidayinnexpress\/hotels\/gb\/en\/porto\/oposc\/hoteldetail\">HolidayInn Express Porto \u2013 City Centre<\/a><\/mark><\/p>\n\n\n\n<figure class=\"wp-block-image size-full is-resized\"><a href=\"https:\/\/www.ihg.com\/holidayinnexpress\/hotels\/gb\/en\/porto\/oposc\/hoteldetail\" target=\"_blank\" rel=\"noreferrer noopener\"><img loading=\"lazy\" decoding=\"async\" src=\"https:\/\/www.iscap.pt\/rulescoop2023\/wp-content\/uploads\/2023\/04\/holiday-inn-1.png\" alt=\"\" class=\"wp-image-365\" width=\"650\" height=\"460\" srcset=\"https:\/\/www.iscap.pt\/rulescoop2023\/wp-content\/uploads\/2023\/04\/holiday-inn-1.png 1024w, https:\/\/www.iscap.pt\/rulescoop2023\/wp-content\/uploads\/2023\/04\/holiday-inn-1-300x213.png 300w, https:\/\/www.iscap.pt\/rulescoop2023\/wp-content\/uploads\/2023\/04\/holiday-inn-1-768x545.png 768w\" sizes=\"auto, (max-width: 650px) 100vw, 650px\" \/><\/a><\/figure>\n\n\n\n<div style=\"height:5px\" aria-hidden=\"true\" class=\"wp-block-spacer\"><\/div>\n\n\n\n<p><mark style=\"background-color:rgba(0, 0, 0, 0);color:#2ed2cd\" class=\"has-inline-color\"><a href=\"https:\/\/www.ihg.com\/holidayinnexpress\/hotels\/gb\/en\/porto\/prtpe\/hoteldetail?cm_mmc=GoogleMaps-_-EX-_-PT-_-PRTPE\">HolidayInn Express Porto \u2013 Exponor<\/a><\/mark><\/p>\n\n\n\n<figure class=\"wp-block-gallery has-nested-images columns-default is-cropped wp-block-gallery-2 is-layout-flex wp-block-gallery-is-layout-flex\">\n<figure class=\"wp-block-image size-large\"><a href=\"https:\/\/www.ihg.com\/holidayinnexpress\/hotels\/gb\/en\/porto\/prtpe\/hoteldetail?cm_mmc=GoogleMaps-_-EX-_-PT-_-PRTPE\" target=\"_blank\" rel=\"noreferrer noopener\"><img loading=\"lazy\" decoding=\"async\" width=\"960\" height=\"640\" data-id=\"368\" src=\"https:\/\/www.iscap.pt\/rulescoop2023\/wp-content\/uploads\/2023\/04\/holiday-exponor-1.png\" alt=\"\" class=\"wp-image-368\" srcset=\"https:\/\/www.iscap.pt\/rulescoop2023\/wp-content\/uploads\/2023\/04\/holiday-exponor-1.png 960w, https:\/\/www.iscap.pt\/rulescoop2023\/wp-content\/uploads\/2023\/04\/holiday-exponor-1-300x200.png 300w, https:\/\/www.iscap.pt\/rulescoop2023\/wp-content\/uploads\/2023\/04\/holiday-exponor-1-768x512.png 768w\" sizes=\"auto, (max-width: 960px) 100vw, 960px\" \/><\/a><\/figure>\n<\/figure>\n\n\n\n<div style=\"height:5px\" aria-hidden=\"true\" class=\"wp-block-spacer\"><\/div>\n\n\n\n<p><mark style=\"background-color:rgba(0, 0, 0, 0);color:#2ed2cd\" class=\"has-inline-color\"><a href=\"https:\/\/www.eurostarshotels.com.pt\/eurostars-oporto.html\">Eurostars Oporto<\/a><\/mark><\/p>\n\n\n\n<figure class=\"wp-block-image size-full\"><a href=\"https:\/\/www.eurostarshotels.com.pt\/eurostars-oporto.html\" target=\"_blank\" rel=\"noreferrer noopener\"><img loading=\"lazy\" decoding=\"async\" width=\"1024\" height=\"672\" src=\"https:\/\/www.iscap.pt\/rulescoop2023\/wp-content\/uploads\/2023\/04\/eurostars-1.jpg\" alt=\"\" class=\"wp-image-372\" srcset=\"https:\/\/www.iscap.pt\/rulescoop2023\/wp-content\/uploads\/2023\/04\/eurostars-1.jpg 1024w, https:\/\/www.iscap.pt\/rulescoop2023\/wp-content\/uploads\/2023\/04\/eurostars-1-300x197.jpg 300w, https:\/\/www.iscap.pt\/rulescoop2023\/wp-content\/uploads\/2023\/04\/eurostars-1-768x504.jpg 768w\" sizes=\"auto, (max-width: 1024px) 100vw, 1024px\" \/><\/a><\/figure>\n","protected":false},"excerpt":{"rendered":"<p>Utiliza el formulario de inscripci\u00f3n para hacer u inscripci\u00f3n. No se aceptar\u00e1n inscripciones por correo electr\u00f3nico. Despu\u00e9s de realizar el pago, env\u00ede un comprobante de pago a la direcci\u00f3n de correo electr\u00f3nico rulescoop.iscap@iscap.ipp.pt. Custos de inscripci\u00f3n Hasta el 15 de abril (Early bird) Despues del 15 de abril Autores 150 \u20ac 150 \u20ac Investigadores CEOS.PP [&hellip;]<\/p>\n","protected":false},"author":1,"featured_media":0,"parent":0,"menu_order":0,"comment_status":"closed","ping_status":"closed","template":"","meta":{"footnotes":""},"class_list":["post-200","page","type-page","status-publish","hentry"],"_links":{"self":[{"href":"https:\/\/www.iscap.pt\/rulescoop2023\/wp-json\/wp\/v2\/pages\/200","targetHints":{"allow":["GET"]}}],"collection":[{"href":"https:\/\/www.iscap.pt\/rulescoop2023\/wp-json\/wp\/v2\/pages"}],"about":[{"href":"https:\/\/www.iscap.pt\/rulescoop2023\/wp-json\/wp\/v2\/types\/page"}],"author":[{"embeddable":true,"href":"https:\/\/www.iscap.pt\/rulescoop2023\/wp-json\/wp\/v2\/users\/1"}],"replies":[{"embeddable":true,"href":"https:\/\/www.iscap.pt\/rulescoop2023\/wp-json\/wp\/v2\/comments?post=200"}],"version-history":[{"count":23,"href":"https:\/\/www.iscap.pt\/rulescoop2023\/wp-json\/wp\/v2\/pages\/200\/revisions"}],"predecessor-version":[{"id":607,"href":"https:\/\/www.iscap.pt\/rulescoop2023\/wp-json\/wp\/v2\/pages\/200\/revisions\/607"}],"wp:attachment":[{"href":"https:\/\/www.iscap.pt\/rulescoop2023\/wp-json\/wp\/v2\/media?parent=200"}],"curies":[{"name":"wp","href":"https:\/\/api.w.org\/{rel}","templated":true}]}}