{"id":208,"date":"2023-03-14T21:25:51","date_gmt":"2023-03-14T21:25:51","guid":{"rendered":"https:\/\/www.iscap.pt\/rulescoop2023\/?page_id=208"},"modified":"2023-03-31T15:12:41","modified_gmt":"2023-03-31T15:12:41","slug":"elementor-208","status":"publish","type":"page","link":"https:\/\/www.iscap.pt\/rulescoop2023\/elementor-208\/","title":{"rendered":""},"content":{"rendered":"\t\t<div data-elementor-type=\"wp-post\" data-elementor-id=\"208\" class=\"elementor elementor-208\">\n\t\t\t\t\t\t\t\t\t<section class=\"elementor-section elementor-top-section elementor-element elementor-element-531cb61 elementor-section-boxed elementor-section-height-default elementor-section-height-default\" data-id=\"531cb61\" data-element_type=\"section\">\n\t\t\t\t\t\t<div class=\"elementor-container elementor-column-gap-default\">\n\t\t\t\t\t<div class=\"elementor-column elementor-col-100 elementor-top-column elementor-element elementor-element-9a45b01\" data-id=\"9a45b01\" data-element_type=\"column\">\n\t\t\t<div class=\"elementor-widget-wrap elementor-element-populated\">\n\t\t\t\t\t\t\t\t<div class=\"elementor-element elementor-element-9267349 elementor-widget elementor-widget-text-editor\" data-id=\"9267349\" data-element_type=\"widget\" data-widget_type=\"text-editor.default\">\n\t\t\t\t<div class=\"elementor-widget-container\">\n\t\t\t<style>\/*! elementor - v3.11.1 - 15-02-2023 *\/\n.elementor-widget-text-editor.elementor-drop-cap-view-stacked .elementor-drop-cap{background-color:#818a91;color:#fff}.elementor-widget-text-editor.elementor-drop-cap-view-framed .elementor-drop-cap{color:#818a91;border:3px solid;background-color:transparent}.elementor-widget-text-editor:not(.elementor-drop-cap-view-default) .elementor-drop-cap{margin-top:8px}.elementor-widget-text-editor:not(.elementor-drop-cap-view-default) .elementor-drop-cap-letter{width:1em;height:1em}.elementor-widget-text-editor .elementor-drop-cap{float:left;text-align:center;line-height:1;font-size:50px}.elementor-widget-text-editor .elementor-drop-cap-letter{display:inline-block}<\/style>\t\t\t\t<h3 style=\"margin-block: 1.5rem 0px; max-width: var(--wp--style--global--content-size); color: #000000; font-family: -apple-system, BlinkMacSystemFont, 'Segoe UI', Roboto, Oxygen-Sans, Ubuntu, Cantarell, 'Helvetica Neue', sans-serif; font-weight: 600; margin-left: auto !important; margin-right: auto !important;\"><strong>Datas importantes:<\/strong><\/h3>\n<ul>\n<li style=\"margin-block: 1.5rem 0px; max-width: var(--wp--style--global--content-size); color: #000000; font-family: -apple-system, BlinkMacSystemFont, 'Segoe UI', Roboto, Oxygen-Sans, Ubuntu, Cantarell, 'Helvetica Neue', sans-serif; font-weight: 600;\"><strong>14 de abril<\/strong>: Data limite para a submiss\u00e3o do resumo<\/li>\n<li style=\"margin-block: 1.5rem 0px; max-width: var(--wp--style--global--content-size); color: #000000; font-family: -apple-system, BlinkMacSystemFont, 'Segoe UI', Roboto, Oxygen-Sans, Ubuntu, Cantarell, 'Helvetica Neue', sans-serif; font-weight: 600;\"><strong>15 de abril:<\/strong> Notifica\u00e7\u00e3o de aceita\u00e7\u00e3o por parte da comiss\u00e3o cient\u00edfica da Congresso<\/li>\n<li style=\"margin-block: 1.5rem 0px; max-width: var(--wp--style--global--content-size); color: #000000; font-family: -apple-system, BlinkMacSystemFont, 'Segoe UI', Roboto, Oxygen-Sans, Ubuntu, Cantarell, 'Helvetica Neue', sans-serif; font-weight: 600;\"><strong>4 e 5 de maio:<\/strong> Congresso em regime h\u00edbrido<\/li>\n<\/ul>\t\t\t\t\t\t<\/div>\n\t\t\t\t<\/div>\n\t\t\t\t\t<\/div>\n\t\t<\/div>\n\t\t\t\t\t\t\t<\/div>\n\t\t<\/section>\n\t\t\t\t\t\t\t<\/div>\n\t\t","protected":false},"excerpt":{"rendered":"<p>Datas importantes: 14 de abril: Data limite para a submiss\u00e3o do resumo 15 de abril: Notifica\u00e7\u00e3o de aceita\u00e7\u00e3o por parte da comiss\u00e3o cient\u00edfica da Congresso 4 e 5 de maio: Congresso em regime h\u00edbrido<\/p>\n","protected":false},"author":2,"featured_media":0,"parent":0,"menu_order":0,"comment_status":"closed","ping_status":"closed","template":"","meta":{"footnotes":""},"class_list":["post-208","page","type-page","status-publish","hentry"],"_links":{"self":[{"href":"https:\/\/www.iscap.pt\/rulescoop2023\/wp-json\/wp\/v2\/pages\/208","targetHints":{"allow":["GET"]}}],"collection":[{"href":"https:\/\/www.iscap.pt\/rulescoop2023\/wp-json\/wp\/v2\/pages"}],"about":[{"href":"https:\/\/www.iscap.pt\/rulescoop2023\/wp-json\/wp\/v2\/types\/page"}],"author":[{"embeddable":true,"href":"https:\/\/www.iscap.pt\/rulescoop2023\/wp-json\/wp\/v2\/users\/2"}],"replies":[{"embeddable":true,"href":"https:\/\/www.iscap.pt\/rulescoop2023\/wp-json\/wp\/v2\/comments?post=208"}],"version-history":[{"count":27,"href":"https:\/\/www.iscap.pt\/rulescoop2023\/wp-json\/wp\/v2\/pages\/208\/revisions"}],"predecessor-version":[{"id":289,"href":"https:\/\/www.iscap.pt\/rulescoop2023\/wp-json\/wp\/v2\/pages\/208\/revisions\/289"}],"wp:attachment":[{"href":"https:\/\/www.iscap.pt\/rulescoop2023\/wp-json\/wp\/v2\/media?parent=208"}],"curies":[{"name":"wp","href":"https:\/\/api.w.org\/{rel}","templated":true}]}}